CRAN Package Check Results for Package rrpack

Last updated on 2022-01-25 00:50:01 CET.

Flavor Version Tinstall Tcheck Ttotal Status Flags
r-devel-linux-x86_64-debian-clang 0.1-11 98.88 121.69 220.57 NOTE
r-devel-linux-x86_64-debian-gcc 0.1-11 75.44 89.89 165.33 NOTE
r-devel-linux-x86_64-fedora-clang 0.1-11 310.93 NOTE
r-devel-linux-x86_64-fedora-gcc 0.1-11 282.19 NOTE
r-devel-windows-x86_64-new-UL 0.1-11 103.00 152.00 255.00 NOTE
r-devel-windows-x86_64-new-TK 0.1-11 NOTE
r-patched-linux-x86_64 0.1-11 96.00 113.76 209.76 NOTE
r-release-linux-x86_64 0.1-11 87.97 114.89 202.86 NOTE
r-release-macos-arm64 0.1-11 NOTE
r-release-macos-x86_64 0.1-11 NOTE
r-release-windows-ix86+x86_64 0.1-11 245.00 180.00 425.00 NOTE
r-oldrel-macos-x86_64 0.1-11 OK
r-oldrel-windows-ix86+x86_64 0.1-11 246.00 182.00 428.00 OK

Check Details

Version: 0.1-11
Check: LazyData
Result: NOTE
     'LazyData' is specified without a 'data' directory
Flavors: r-devel-linux-x86_64-debian-clang, r-devel-linux-x86_64-debian-gcc, r-devel-linux-x86_64-fedora-clang, r-devel-linux-x86_64-fedora-gcc, r-devel-windows-x86_64-new-UL, r-devel-windows-x86_64-new-TK, r-patched-linux-x86_64, r-release-linux-x86_64, r-release-macos-arm64, r-release-macos-x86_64, r-release-windows-ix86+x86_64