CRAN Package Check Results for Package rrd

Last updated on 2022-01-25 12:55:46 CET.

Flavor Version Tinstall Tcheck Ttotal Status Flags
r-devel-linux-x86_64-debian-clang 0.2.2 5.64 42.04 47.68 OK
r-devel-linux-x86_64-debian-gcc 0.2.2 4.51 32.50 37.01 OK
r-devel-linux-x86_64-fedora-clang 0.2.2 57.75 NOTE
r-devel-linux-x86_64-fedora-gcc 0.2.2 44.90 NOTE
r-patched-linux-x86_64 0.2.2 4.58 40.15 44.73 OK
r-release-linux-x86_64 0.2.2 5.26 39.82 45.08 OK
r-release-macos-arm64 0.2.2 ERROR
r-release-macos-x86_64 0.2.2 ERROR
r-oldrel-macos-x86_64 0.2.2 ERROR

Check Details

Version: 0.2.2
Check: installed package size
Result: NOTE
     installed size is 13.1Mb
     sub-directories of 1Mb or more:
     extdata 12.8Mb
Flavor: r-devel-linux-x86_64-fedora-clang

Version: 0.2.2
Check: top-level files
Result: NOTE
    ‘configure’: ‘env bash’ is not portable as bash need not be installed
Flavors: r-devel-linux-x86_64-fedora-clang, r-devel-linux-x86_64-fedora-gcc

Version: 0.2.2
Check: whether package can be installed
Result: ERROR
    Installation failed.
Flavors: r-release-macos-arm64, r-release-macos-x86_64, r-oldrel-macos-x86_64