CRAN Package Check Results for Package rr

Last updated on 2021-11-29 12:00:18 CET.

Flavor Version Tinstall Tcheck Ttotal Status Flags
r-devel-linux-x86_64-debian-clang 1.4 OK
r-devel-linux-x86_64-debian-gcc 1.4 10.29 79.26 89.55 OK
r-devel-linux-x86_64-fedora-clang 1.4 151.57 NOTE
r-devel-linux-x86_64-fedora-gcc 1.4 140.07 NOTE
r-devel-windows-x86_64-new-UL 1.4 26.00 155.00 181.00 OK
r-devel-windows-x86_64-new-TK 1.4 OK
r-devel-windows-x86_64-old 1.4 21.00 113.00 134.00 OK
r-patched-linux-x86_64 1.4 11.86 102.55 114.41 OK
r-patched-solaris-x86 1.4 212.50 OK
r-release-linux-x86_64 1.4 11.75 99.98 111.73 OK
r-release-macos-arm64 1.4 OK
r-release-macos-x86_64 1.4 OK
r-release-windows-ix86+x86_64 1.4 30.00 168.00 198.00 OK
r-oldrel-macos-x86_64 1.4 OK
r-oldrel-windows-ix86+x86_64 1.4 24.00 205.00 229.00 OK

Check Details

Version: 1.4
Check: compiled code
Result: NOTE
    File ‘rr/libs/rr.so’:
     Found no calls to: ‘R_registerRoutines’, ‘R_useDynamicSymbols’
    
    It is good practice to register native routines and to disable symbol
    search.
    
    See ‘Writing portable packages’ in the ‘Writing R Extensions’ manual.
Flavors: r-devel-linux-x86_64-fedora-clang, r-devel-linux-x86_64-fedora-gcc