CRAN Package Check Results for Package rquery

Last updated on 2021-09-23 04:56:44 CEST.

Flavor Version Tinstall Tcheck Ttotal Status Flags
r-devel-linux-x86_64-debian-clang 1.4.7 10.15 93.95 104.10 OK
r-devel-linux-x86_64-debian-gcc 1.4.7 9.95 69.02 78.97 OK
r-devel-linux-x86_64-fedora-clang 1.4.7 131.55 OK
r-devel-linux-x86_64-fedora-gcc 1.4.7 119.09 OK
r-devel-windows-x86_64 1.4.7 15.00 95.00 110.00 OK
r-devel-windows-x86_64-gcc10-UCRT 1.4.7 ERROR
r-patched-linux-x86_64 1.4.7 10.08 97.39 107.47 OK
r-patched-solaris-x86 1.4.7 166.50 OK
r-release-linux-x86_64 1.4.7 10.11 97.70 107.81 OK
r-release-macos-arm64 1.4.7 OK
r-release-macos-x86_64 1.4.7 OK
r-release-windows-ix86+x86_64 1.4.7 18.00 98.00 116.00 OK
r-oldrel-macos-x86_64 1.4.7 OK
r-oldrel-windows-ix86+x86_64 1.4.7 27.00 99.00 126.00 OK

Check Details

Version: 1.4.7
Check: package dependencies
Result: NOTE
    Packages suggested but not available for checking: 'igraph', 'DiagrammeR'
Flavor: r-devel-windows-x86_64-gcc10-UCRT

Version: 1.4.7
Check: PDF version of manual
Result: WARN
    LaTeX errors when creating PDF version.
    This typically indicates Rd problems.
Flavor: r-devel-windows-x86_64-gcc10-UCRT

Version: 1.4.7
Check: PDF version of manual without hyperrefs or index
Result: ERROR
    Re-running with no redirection of stdout/stderr.
Flavor: r-devel-windows-x86_64-gcc10-UCRT