CRAN Package Check Results for Package rpf

Last updated on 2021-12-06 23:50:59 CET.

Flavor Version Tinstall Tcheck Ttotal Status Flags
r-devel-linux-x86_64-debian-clang 1.0.11 140.08 85.54 225.62 OK
r-devel-linux-x86_64-debian-gcc 1.0.11 110.49 65.81 176.30 OK
r-devel-linux-x86_64-fedora-clang 1.0.11 340.48 NOTE
r-devel-linux-x86_64-fedora-gcc 1.0.11 304.82 OK
r-devel-windows-x86_64-new-UL 1.0.11 166.00 158.00 324.00 OK
r-devel-windows-x86_64-new-TK 1.0.11 OK
r-devel-windows-x86_64-old 1.0.11 172.00 126.00 298.00 OK
r-patched-linux-x86_64 1.0.11 142.09 76.38 218.47 OK
r-release-linux-x86_64 1.0.11 134.18 83.82 218.00 OK
r-release-macos-arm64 1.0.11 NOTE
r-release-macos-x86_64 1.0.11 NOTE
r-release-windows-ix86+x86_64 1.0.11 315.00 150.00 465.00 OK
r-oldrel-macos-x86_64 1.0.11 NOTE
r-oldrel-windows-ix86+x86_64 1.0.11 321.00 147.00 468.00 OK

Check Details

Version: 1.0.11
Check: installed package size
Result: NOTE
     installed size is 21.1Mb
     sub-directories of 1Mb or more:
     libs 20.1Mb
Flavors: r-devel-linux-x86_64-fedora-clang, r-release-macos-arm64, r-release-macos-x86_64, r-oldrel-macos-x86_64