Last updated on 2022-08-12 21:53:13 CEST.
Flavor | Version | Tinstall | Tcheck | Ttotal | Status | Flags |
---|---|---|---|---|---|---|
r-devel-linux-x86_64-debian-clang | 1.1-5.1 | 12.05 | 74.25 | 86.30 | NOTE | |
r-devel-linux-x86_64-debian-gcc | 1.1-5.1 | 11.54 | 56.76 | 68.30 | NOTE | |
r-devel-linux-x86_64-fedora-clang | 1.1-5.1 | 125.67 | NOTE | |||
r-devel-linux-x86_64-fedora-gcc | 1.1-5.1 | 122.55 | NOTE | |||
r-devel-windows-x86_64 | 1.1-5.1 | 50.00 | 94.00 | 144.00 | OK | |
r-patched-linux-x86_64 | 1.1-5.1 | 19.20 | 81.75 | 100.95 | NOTE | |
r-release-linux-x86_64 | 1.1-5.1 | 17.42 | 80.92 | 98.34 | NOTE | |
r-release-macos-arm64 | 1.1-5.1 | 54.00 | OK | |||
r-release-macos-x86_64 | 1.1-5.1 | 84.00 | OK | |||
r-release-windows-x86_64 | 1.1-5.1 | 36.00 | 94.00 | 130.00 | OK | |
r-oldrel-macos-arm64 | 1.1-5.1 | 55.00 | OK | |||
r-oldrel-macos-x86_64 | 1.1-5.1 | 79.00 | OK | |||
r-oldrel-windows-ix86+x86_64 | 1.1-5.1 | 22.00 | 89.00 | 111.00 | OK |
Version: 1.1-5.1
Check: package dependencies
Result: NOTE
Package suggested but not available for checking: 'RandomFields'
Flavors: r-devel-linux-x86_64-debian-clang, r-devel-linux-x86_64-debian-gcc, r-devel-linux-x86_64-fedora-clang, r-devel-linux-x86_64-fedora-gcc, r-release-linux-x86_64
Version: 1.1-5.1
Check: package dependencies
Result: NOTE
Packages suggested but not available for checking: 'geoR', 'RandomFields'
Flavor: r-patched-linux-x86_64