CRAN Package Check Results for Package rpanel

Last updated on 2021-07-30 07:50:27 CEST.

Flavor Version Tinstall Tcheck Ttotal Status Flags
r-devel-linux-x86_64-debian-clang 1.1-4 OK
r-devel-linux-x86_64-debian-gcc 1.1-4 12.84 58.73 71.57 OK
r-devel-linux-x86_64-fedora-clang 1.1-4 124.30 OK
r-devel-linux-x86_64-fedora-gcc 1.1-4 114.83 OK
r-devel-windows-x86_64 1.1-4 15.00 82.00 97.00 OK
r-devel-windows-x86_64-gcc10-UCRT 1.1-4 OK
r-patched-linux-x86_64 1.1-4 OK
r-patched-solaris-x86 1.1-4 155.00 OK
r-release-linux-x86_64 1.1-4 16.96 75.19 92.15 OK
r-release-macos-arm64 1.1-4 ERROR
r-release-macos-x86_64 1.1-4 ERROR
r-release-windows-ix86+x86_64 1.1-4 23.00 65.00 88.00 OK
r-oldrel-macos-x86_64 1.1-4 ERROR
r-oldrel-windows-ix86+x86_64 1.1-4 15.00 85.00 100.00 OK

Check Details

Version: 1.1-4
Check: whether package can be installed
Result: ERROR
    Installation failed.
Flavors: r-release-macos-arm64, r-release-macos-x86_64, r-oldrel-macos-x86_64