CRAN Package Check Results for Package rorcid

Last updated on 2021-09-20 04:58:36 CEST.

Flavor Version Tinstall Tcheck Ttotal Status Flags
r-devel-linux-x86_64-debian-clang 0.7.0 4.82 40.42 45.24 OK
r-devel-linux-x86_64-debian-gcc 0.7.0 3.35 31.76 35.11 OK
r-devel-linux-x86_64-fedora-clang 0.7.0 62.93 OK
r-devel-linux-x86_64-fedora-gcc 0.7.0 52.46 OK
r-devel-windows-x86_64 0.7.0 7.00 47.00 54.00 OK
r-devel-windows-x86_64-gcc10-UCRT 0.7.0 ERROR
r-patched-linux-x86_64 0.7.0 5.72 39.25 44.97 OK
r-patched-solaris-x86 0.7.0 80.60 OK
r-release-linux-x86_64 0.7.0 4.13 38.79 42.92 OK
r-release-macos-arm64 0.7.0 OK
r-release-macos-x86_64 0.7.0 OK
r-release-windows-ix86+x86_64 0.7.0 9.00 44.00 53.00 OK
r-oldrel-macos-x86_64 0.7.0 OK
r-oldrel-windows-ix86+x86_64 0.7.0 10.00 46.00 56.00 OK

Check Details

Version: 0.7.0
Check: whether package can be installed
Result: WARN
    Found the following significant warnings:
     WARNING: installation-time patches will not be applied, could not get the patches index
Flavor: r-devel-windows-x86_64-gcc10-UCRT

Version: 0.7.0
Check: PDF version of manual
Result: WARN
    LaTeX errors when creating PDF version.
    This typically indicates Rd problems.
Flavor: r-devel-windows-x86_64-gcc10-UCRT

Version: 0.7.0
Check: PDF version of manual without hyperrefs or index
Result: ERROR
    Re-running with no redirection of stdout/stderr.
Flavor: r-devel-windows-x86_64-gcc10-UCRT