CRAN Package Check Results for Package roptions

Last updated on 2022-01-28 00:49:07 CET.

Flavor Version Tinstall Tcheck Ttotal Status Flags
r-devel-linux-x86_64-debian-clang 1.0.3 6.76 71.79 78.55 NOTE
r-devel-linux-x86_64-debian-gcc 1.0.3 5.90 53.70 59.60 NOTE
r-devel-linux-x86_64-fedora-clang 1.0.3 93.79 NOTE
r-devel-linux-x86_64-fedora-gcc 1.0.3 82.48 NOTE
r-devel-windows-x86_64-new-UL 1.0.3 36.00 97.00 133.00 NOTE
r-devel-windows-x86_64-new-TK 1.0.3 NOTE
r-patched-linux-x86_64 1.0.3 5.53 66.26 71.79 NOTE
r-release-linux-x86_64 1.0.3 4.61 65.03 69.64 NOTE
r-release-macos-arm64 1.0.3 NOTE
r-release-macos-x86_64 1.0.3 NOTE
r-release-windows-ix86+x86_64 1.0.3 17.00 84.00 101.00 NOTE
r-oldrel-macos-x86_64 1.0.3 OK
r-oldrel-windows-ix86+x86_64 1.0.3 17.00 84.00 101.00 OK

Check Details

Version: 1.0.3
Check: LazyData
Result: NOTE
     'LazyData' is specified without a 'data' directory
Flavors: r-devel-linux-x86_64-debian-clang, r-devel-linux-x86_64-debian-gcc, r-devel-linux-x86_64-fedora-clang, r-devel-linux-x86_64-fedora-gcc, r-devel-windows-x86_64-new-UL, r-devel-windows-x86_64-new-TK, r-patched-linux-x86_64, r-release-linux-x86_64, r-release-macos-arm64, r-release-macos-x86_64, r-release-windows-ix86+x86_64