CRAN Package Check Results for Package ropercenter

Last updated on 2021-08-03 07:54:40 CEST.

Flavor Version Tinstall Tcheck Ttotal Status Flags
r-devel-linux-x86_64-debian-clang 0.3.1 6.66 67.34 74.00 NOTE
r-devel-linux-x86_64-debian-gcc 0.3.1 5.57 50.92 56.49 NOTE
r-devel-linux-x86_64-fedora-clang 0.3.1 102.37 NOTE
r-devel-linux-x86_64-fedora-gcc 0.3.1 85.62 NOTE
r-devel-windows-x86_64 0.3.1 22.00 86.00 108.00 NOTE
r-devel-windows-x86_64-gcc10-UCRT 0.3.1 NOTE
r-patched-linux-x86_64 0.3.1 6.98 61.64 68.62 NOTE
r-patched-solaris-x86 0.3.1 5.50 ERROR
r-release-linux-x86_64 0.3.1 7.34 62.11 69.45 NOTE
r-release-macos-arm64 0.3.1 NOTE
r-release-macos-x86_64 0.3.1 NOTE
r-release-windows-ix86+x86_64 0.3.1 18.00 90.00 108.00 NOTE
r-oldrel-macos-x86_64 0.3.1 OK
r-oldrel-windows-ix86+x86_64 0.3.1 16.00 86.00 102.00 OK

Check Details

Version: 0.3.1
Check: LazyData
Result: NOTE
     'LazyData' is specified without a 'data' directory
Flavors: r-devel-linux-x86_64-debian-clang, r-devel-linux-x86_64-debian-gcc, r-devel-linux-x86_64-fedora-clang, r-devel-linux-x86_64-fedora-gcc, r-devel-windows-x86_64, r-devel-windows-x86_64-gcc10-UCRT, r-patched-linux-x86_64, r-release-linux-x86_64, r-release-macos-arm64, r-release-macos-x86_64, r-release-windows-ix86+x86_64

Version: 0.3.1
Check: Rd cross-references
Result: NOTE
    Undeclared package ‘readroper’ in Rd xrefs
Flavor: r-devel-linux-x86_64-fedora-clang

Version: 0.3.1
Check: package dependencies
Result: ERROR
    Packages required but not available: 'haven', 'rio'
    
    See section ‘The DESCRIPTION file’ in the ‘Writing R Extensions’
    manual.
Flavor: r-patched-solaris-x86