CRAN Package Check Results for Package roots

Last updated on 2022-07-06 05:54:11 CEST.

Flavor Version Tinstall Tcheck Ttotal Status Flags
r-devel-linux-x86_64-debian-clang 1.0 10.53 73.05 83.58 NOTE
r-devel-linux-x86_64-debian-gcc 1.0 7.74 56.54 64.28 NOTE
r-devel-linux-x86_64-fedora-clang 1.0 107.62 NOTE
r-devel-linux-x86_64-fedora-gcc 1.0 108.88 NOTE
r-devel-windows-x86_64 1.0 20.00 102.00 122.00 NOTE
r-patched-linux-x86_64 1.0 9.00 71.70 80.70 NOTE
r-release-linux-x86_64 1.0 8.04 71.89 79.93 NOTE
r-release-macos-arm64 1.0 32.00 NOTE
r-release-macos-x86_64 1.0 47.00 NOTE
r-release-windows-x86_64 1.0 16.00 99.00 115.00 NOTE
r-oldrel-macos-arm64 1.0 35.00 NOTE
r-oldrel-macos-x86_64 1.0 54.00 NOTE
r-oldrel-windows-ix86+x86_64 1.0 19.00 91.00 110.00 NOTE

Check Details

Version: 1.0
Check: LazyData
Result: NOTE
     'LazyData' is specified without a 'data' directory
Flavors: r-devel-linux-x86_64-debian-clang, r-devel-linux-x86_64-debian-gcc, r-devel-linux-x86_64-fedora-clang, r-devel-linux-x86_64-fedora-gcc, r-devel-windows-x86_64, r-patched-linux-x86_64, r-release-linux-x86_64, r-release-macos-arm64, r-release-macos-x86_64, r-release-windows-x86_64, r-oldrel-macos-arm64, r-oldrel-macos-x86_64, r-oldrel-windows-ix86+x86_64