CRAN Package Check Results for Package robustBLME

Last updated on 2021-09-24 16:50:16 CEST.

Flavor Version Tinstall Tcheck Ttotal Status Flags
r-devel-linux-x86_64-debian-clang 0.1.3 77.60 79.38 156.98 OK
r-devel-linux-x86_64-debian-gcc 0.1.3 49.65 62.04 111.69 OK
r-devel-linux-x86_64-fedora-clang 0.1.3 214.04 OK
r-devel-linux-x86_64-fedora-gcc 0.1.3 190.12 OK
r-devel-windows-x86_64 0.1.3 76.00 81.00 157.00 OK
r-devel-windows-x86_64-gcc10-UCRT 0.1.3 OK
r-patched-linux-x86_64 0.1.3 60.54 77.63 138.17 OK
r-patched-solaris-x86 0.1.3 211.00 OK
r-release-linux-x86_64 0.1.3 61.82 80.40 142.22 OK
r-release-macos-arm64 0.1.3 NOTE
r-release-macos-x86_64 0.1.3 OK
r-release-windows-ix86+x86_64 0.1.3 173.00 115.00 288.00 OK
r-oldrel-macos-x86_64 0.1.3 OK
r-oldrel-windows-ix86+x86_64 0.1.3 134.00 112.00 246.00 OK

Check Details

Version: 0.1.3
Check: installed package size
Result: NOTE
     installed size is 5.1Mb
     sub-directories of 1Mb or more:
     libs 4.9Mb
Flavor: r-release-macos-arm64