CRAN Package Check Results for Package roahd

Last updated on 2022-07-06 17:49:14 CEST.

Flavor Version Tinstall Tcheck Ttotal Status Flags
r-devel-linux-x86_64-debian-clang 1.4.3 11.78 212.39 224.17 OK
r-devel-linux-x86_64-debian-gcc 1.4.3 9.59 154.95 164.54 OK
r-devel-linux-x86_64-fedora-clang 1.4.3 264.96 NOTE
r-devel-linux-x86_64-fedora-gcc 1.4.3 268.92 OK
r-devel-windows-x86_64 1.4.3 99.00 238.00 337.00 NOTE
r-patched-linux-x86_64 1.4.3 11.26 199.65 210.91 OK
r-release-linux-x86_64 1.4.3 7.87 201.89 209.76 OK
r-release-macos-arm64 1.4.3 75.00 NOTE
r-release-macos-x86_64 1.4.3 134.00 NOTE
r-release-windows-x86_64 1.4.3 22.00 252.00 274.00 NOTE
r-oldrel-macos-arm64 1.4.3 81.00 NOTE
r-oldrel-macos-x86_64 1.4.3 103.00 NOTE
r-oldrel-windows-ix86+x86_64 1.4.3 23.00 250.00 273.00 NOTE

Check Details

Version: 1.4.3
Check: installed package size
Result: NOTE
     installed size is 5.2Mb
     sub-directories of 1Mb or more:
     data 2.9Mb
     doc 1.7Mb
Flavors: r-devel-linux-x86_64-fedora-clang, r-devel-windows-x86_64, r-release-macos-arm64, r-release-macos-x86_64, r-release-windows-x86_64, r-oldrel-macos-arm64, r-oldrel-macos-x86_64, r-oldrel-windows-ix86+x86_64