CRAN Package Check Results for Package rnrfa

Last updated on 2021-07-24 07:49:37 CEST.

Flavor Version Tinstall Tcheck Ttotal Status Flags
r-devel-linux-x86_64-debian-clang 2.0.4 8.43 91.47 99.90 NOTE
r-devel-linux-x86_64-debian-gcc 2.0.4 6.05 69.95 76.00 NOTE
r-devel-linux-x86_64-fedora-clang 2.0.4 127.60 NOTE
r-devel-linux-x86_64-fedora-gcc 2.0.4 116.69 NOTE
r-devel-windows-x86_64 2.0.4 9.00 97.00 106.00 NOTE
r-devel-windows-x86_64-gcc10-UCRT 2.0.4 NOTE
r-patched-linux-x86_64 2.0.4 7.81 85.25 93.06 NOTE
r-patched-solaris-x86 2.0.4 183.20 NOTE
r-release-linux-x86_64 2.0.4 8.28 86.40 94.68 NOTE
r-release-macos-arm64 2.0.4 NOTE
r-release-macos-x86_64 2.0.4 NOTE
r-release-windows-ix86+x86_64 2.0.4 20.00 95.00 115.00 NOTE
r-oldrel-macos-x86_64 2.0.4 OK
r-oldrel-windows-ix86+x86_64 2.0.4 14.00 121.00 135.00 OK

Check Details

Version: 2.0.4
Check: LazyData
Result: NOTE
     'LazyData' is specified without a 'data' directory
Flavors: r-devel-linux-x86_64-debian-clang, r-devel-linux-x86_64-debian-gcc, r-devel-linux-x86_64-fedora-clang, r-devel-linux-x86_64-fedora-gcc, r-devel-windows-x86_64, r-devel-windows-x86_64-gcc10-UCRT, r-patched-linux-x86_64, r-patched-solaris-x86, r-release-linux-x86_64, r-release-macos-arm64, r-release-macos-x86_64, r-release-windows-ix86+x86_64