CRAN Package Check Results for Package rnpn

Last updated on 2021-07-30 07:50:27 CEST.

Flavor Version Tinstall Tcheck Ttotal Status Flags
r-devel-linux-x86_64-debian-clang 1.2.1 OK
r-devel-linux-x86_64-debian-gcc 1.2.1 4.17 77.74 81.91 OK
r-devel-linux-x86_64-fedora-clang 1.2.1 138.52 NOTE
r-devel-linux-x86_64-fedora-gcc 1.2.1 124.78 NOTE
r-devel-windows-x86_64 1.2.1 6.00 170.00 176.00 OK
r-devel-windows-x86_64-gcc10-UCRT 1.2.1 NOTE
r-patched-linux-x86_64 1.2.1 OK
r-patched-solaris-x86 1.2.1 171.40 NOTE
r-release-linux-x86_64 1.2.1 6.31 99.71 106.02 OK
r-release-macos-arm64 1.2.1 NOTE
r-release-macos-x86_64 1.2.1 NOTE
r-release-windows-ix86+x86_64 1.2.1 10.00 170.00 180.00 OK
r-oldrel-macos-x86_64 1.2.1 NOTE
r-oldrel-windows-ix86+x86_64 1.2.1 8.00 173.00 181.00 OK

Check Details

Version: 1.2.1
Check: dependencies in R code
Result: NOTE
    Namespace in Imports field not imported from: ‘rgdal’
     All declared Imports should be used.
Flavors: r-devel-linux-x86_64-fedora-clang, r-devel-linux-x86_64-fedora-gcc, r-devel-windows-x86_64-gcc10-UCRT, r-patched-solaris-x86, r-release-macos-arm64, r-release-macos-x86_64, r-oldrel-macos-x86_64