CRAN Package Check Results for Package rmzqc

Last updated on 2024-02-21 15:50:57 CET.

Flavor Version Tinstall Tcheck Ttotal Status Flags
r-devel-linux-x86_64-debian-clang 0.5.3 NOTE
r-devel-linux-x86_64-debian-gcc 0.5.3 7.25 71.71 78.96 NOTE
r-devel-linux-x86_64-fedora-clang 0.5.3 129.17 OK
r-devel-linux-x86_64-fedora-gcc 0.5.3 138.95 OK
r-devel-windows-x86_64 0.5.3 9.00 99.00 108.00 OK
r-patched-linux-x86_64 0.5.3 7.59 95.09 102.68 OK
r-release-linux-x86_64 0.5.3 5.75 93.79 99.54 OK
r-release-macos-arm64 0.5.3 59.00 OK
r-release-macos-x86_64 0.5.3 104.00 OK
r-release-windows-x86_64 0.5.3 12.00 113.00 125.00 OK
r-oldrel-macos-arm64 0.5.3 47.00 OK
r-oldrel-windows-x86_64 0.5.3 11.00 133.00 144.00 OK

Check Details

Version: 0.5.3
Check: Rd files
Result: NOTE checkRd: (-1) validateFromString.Rd:6: Lost braces 6 | e.g. the string "{ mzQC : {}}"} | ^ Flavors: r-devel-linux-x86_64-debian-clang, r-devel-linux-x86_64-debian-gcc