CRAN Package Check Results for Package rmumps

Last updated on 2021-06-18 21:53:30 CEST.

Flavor Version Tinstall Tcheck Ttotal Status Flags
r-devel-linux-x86_64-debian-clang 5.2.1-12 239.38 61.94 301.32 NOTE
r-devel-linux-x86_64-debian-gcc 5.2.1-12 189.55 44.76 234.31 NOTE
r-devel-linux-x86_64-fedora-clang 5.2.1-12 437.99 NOTE
r-devel-linux-x86_64-fedora-gcc 5.2.1-12 416.35 WARN
r-devel-windows-x86_64 5.2.1-12 330.00 76.00 406.00 NOTE
r-devel-windows-x86_64-gcc10-UCRT 5.2.1-12 NOTE
r-patched-linux-x86_64 5.2.1-12 215.92 57.02 272.94 NOTE
r-patched-solaris-x86 5.2.1-12 479.00 NOTE
r-release-linux-x86_64 5.2.1-12 216.50 56.98 273.48 NOTE
r-release-macos-arm64 5.2.1-12 NOTE
r-release-macos-x86_64 5.2.1-12 NOTE
r-release-windows-ix86+x86_64 5.2.1-12 655.00 124.00 779.00 NOTE
r-oldrel-macos-x86_64 5.2.1-12 NOTE
r-oldrel-windows-ix86+x86_64 5.2.1-12 515.00 134.00 649.00 NOTE

Check Details

Version: 5.2.1-12
Check: for GNU extensions in Makefiles
Result: NOTE
    GNU make is a SystemRequirements.
Flavors: r-devel-linux-x86_64-debian-clang, r-devel-linux-x86_64-debian-gcc, r-devel-linux-x86_64-fedora-clang, r-devel-linux-x86_64-fedora-gcc, r-devel-windows-x86_64, r-devel-windows-x86_64-gcc10-UCRT, r-patched-linux-x86_64, r-patched-solaris-x86, r-release-linux-x86_64, r-release-macos-arm64, r-release-macos-x86_64, r-release-windows-ix86+x86_64, r-oldrel-macos-x86_64, r-oldrel-windows-ix86+x86_64

Version: 5.2.1-12
Check: installed package size
Result: NOTE
     installed size is 12.8Mb
     sub-directories of 1Mb or more:
     libs 12.4Mb
Flavors: r-devel-linux-x86_64-fedora-clang, r-release-macos-arm64, r-release-macos-x86_64, r-release-windows-ix86+x86_64, r-oldrel-macos-x86_64, r-oldrel-windows-ix86+x86_64

Version: 5.2.1-12
Check: whether package can be installed
Result: WARN
    Found the following significant warnings:
     graph_io_chac.c:106:7: warning: ignoring return value of ‘fscanf’ declared with attribute ‘warn_unused_result’ [-Wunused-result]
     graph_io_chac.c:179:9: warning: ignoring return value of ‘fscanf’ declared with attribute ‘warn_unused_result’ [-Wunused-result]
     graph_io_chac.c:208:7: warning: ignoring return value of ‘fscanf’ declared with attribute ‘warn_unused_result’ [-Wunused-result]
Flavor: r-devel-linux-x86_64-fedora-gcc

Version: 5.2.1-12
Check: line endings in C/C++/Fortran sources/headers
Result: NOTE
    Found the following sources/headers with CR or CRLF line endings:
     src/lib/scotch_6.0.9/include/scotch.h
     src/lib/scotch_6.0.9/include/scotchf.h
     src/lib/scotch_6.0.9/src/libscotch/scotch.h
     src/lib/scotch_6.0.9/src/libscotch/scotchf.h
    Some Unix compilers require LF line endings.
Flavor: r-devel-windows-x86_64-gcc10-UCRT