CRAN Package Check Results for Package rmsfuns

Last updated on 2021-08-01 19:51:43 CEST.

Flavor Version Tinstall Tcheck Ttotal Status Flags
r-devel-linux-x86_64-debian-clang 1.0.0.1 4.38 48.94 53.32 NOTE
r-devel-linux-x86_64-debian-gcc 1.0.0.1 3.64 36.05 39.69 NOTE
r-devel-linux-x86_64-fedora-clang 1.0.0.1 71.13 NOTE
r-devel-linux-x86_64-fedora-gcc 1.0.0.1 61.21 NOTE
r-devel-windows-x86_64 1.0.0.1 8.00 68.00 76.00 NOTE
r-devel-windows-x86_64-gcc10-UCRT 1.0.0.1 NOTE
r-patched-linux-x86_64 1.0.0.1 NOTE
r-patched-solaris-x86 1.0.0.1 88.90 NOTE
r-release-linux-x86_64 1.0.0.1 4.62 44.97 49.59 NOTE
r-release-macos-arm64 1.0.0.1 NOTE
r-release-macos-x86_64 1.0.0.1 NOTE
r-release-windows-ix86+x86_64 1.0.0.1 13.00 67.00 80.00 NOTE
r-oldrel-macos-x86_64 1.0.0.1 OK
r-oldrel-windows-ix86+x86_64 1.0.0.1 12.00 66.00 78.00 OK

Check Details

Version: 1.0.0.1
Check: LazyData
Result: NOTE
     'LazyData' is specified without a 'data' directory
Flavors: r-devel-linux-x86_64-debian-clang, r-devel-linux-x86_64-debian-gcc, r-devel-linux-x86_64-fedora-clang, r-devel-linux-x86_64-fedora-gcc, r-devel-windows-x86_64, r-devel-windows-x86_64-gcc10-UCRT, r-patched-linux-x86_64, r-patched-solaris-x86, r-release-linux-x86_64, r-release-macos-arm64, r-release-macos-x86_64, r-release-windows-ix86+x86_64