CRAN Package Check Results for Package rminer

Last updated on 2021-09-19 16:49:21 CEST.

Flavor Version Tinstall Tcheck Ttotal Status Flags
r-devel-linux-x86_64-debian-clang 1.4.6 33.97 197.52 231.49 OK
r-devel-linux-x86_64-debian-gcc 1.4.6 25.12 144.86 169.98 OK
r-devel-linux-x86_64-fedora-clang 1.4.6 283.98 OK
r-devel-linux-x86_64-fedora-gcc 1.4.6 270.42 OK
r-devel-windows-x86_64 1.4.6 34.00 225.00 259.00 OK
r-devel-windows-x86_64-gcc10-UCRT 1.4.6 ERROR
r-patched-linux-x86_64 1.4.6 37.95 186.39 224.34 OK
r-patched-solaris-x86 1.4.6 366.60 OK
r-release-linux-x86_64 1.4.6 27.77 184.70 212.47 OK
r-release-macos-arm64 1.4.6 OK
r-release-macos-x86_64 1.4.6 OK
r-release-windows-ix86+x86_64 1.4.6 64.00 166.00 230.00 OK
r-oldrel-macos-x86_64 1.4.6 OK
r-oldrel-windows-ix86+x86_64 1.4.6 63.00 161.00 224.00 OK

Check Details

Version: 1.4.6
Check: whether package can be installed
Result: WARN
    Found the following significant warnings:
     WARNING: installation-time patches will not be applied, could not get the patches index
Flavor: r-devel-windows-x86_64-gcc10-UCRT

Version: 1.4.6
Check: PDF version of manual
Result: WARN
    LaTeX errors when creating PDF version.
    This typically indicates Rd problems.
Flavor: r-devel-windows-x86_64-gcc10-UCRT

Version: 1.4.6
Check: PDF version of manual without hyperrefs or index
Result: ERROR
    Re-running with no redirection of stdout/stderr.
Flavor: r-devel-windows-x86_64-gcc10-UCRT