CRAN Package Check Results for Package rliger

Last updated on 2021-10-18 04:54:32 CEST.

Flavor Version Tinstall Tcheck Ttotal Status Flags
r-devel-linux-x86_64-debian-clang 1.0.0 122.45 214.02 336.47 OK
r-devel-linux-x86_64-debian-gcc 1.0.0 97.45 163.33 260.78 OK
r-devel-linux-x86_64-fedora-clang 1.0.0 498.09 NOTE
r-devel-linux-x86_64-fedora-gcc 1.0.0 454.20 OK
r-devel-windows-x86_64 1.0.0 180.00 217.00 397.00 OK
r-devel-windows-x86_64-gcc10-UCRT 1.0.0 OK
r-patched-linux-x86_64 1.0.0 117.51 205.25 322.76 OK
r-patched-solaris-x86 1.0.0 497.20 OK
r-release-linux-x86_64 1.0.0 112.45 204.99 317.44 OK
r-release-macos-arm64 1.0.0 NOTE
r-release-macos-x86_64 1.0.0 NOTE
r-release-windows-ix86+x86_64 1.0.0 289.00 383.00 672.00 OK
r-oldrel-macos-x86_64 1.0.0 NOTE
r-oldrel-windows-ix86+x86_64 1.0.0 327.00 383.00 710.00 OK

Check Details

Version: 1.0.0
Check: installed package size
Result: NOTE
     installed size is 6.3Mb
     sub-directories of 1Mb or more:
     libs 5.7Mb
Flavors: r-devel-linux-x86_64-fedora-clang, r-release-macos-arm64, r-release-macos-x86_64, r-oldrel-macos-x86_64

Version: 1.0.0
Check: package dependencies
Result: NOTE
    Packages suggested but not available for checking:
     'GenomicRanges', 'org.Hs.eg.db', 'reactome.db', 'fgsea'
Flavor: r-release-macos-arm64

Version: 1.0.0
Check: package dependencies
Result: NOTE
    Packages suggested but not available for checking:
     'org.Hs.eg.db', 'reactome.db', 'fgsea'
Flavor: r-release-macos-x86_64

Version: 1.0.0
Check: package dependencies
Result: NOTE
    Packages suggested but not available for checking: 'reactome.db', 'fgsea'
Flavor: r-oldrel-macos-x86_64