CRAN Package Check Results for Package rkeops

Last updated on 2021-07-30 19:50:23 CEST.

Flavor Version Tinstall Tcheck Ttotal Status Flags
r-devel-linux-x86_64-debian-clang 1.4.2.2 NOTE
r-devel-linux-x86_64-debian-gcc 1.4.2.2 15.32 31.37 46.69 NOTE
r-devel-linux-x86_64-fedora-clang 1.4.2.2 92.50 NOTE
r-devel-linux-x86_64-fedora-gcc 1.4.2.2 76.51 NOTE
r-patched-linux-x86_64 1.4.2.2 NOTE
r-patched-solaris-x86 1.4.2.2 103.70 NOTE
r-release-linux-x86_64 1.4.2.2 18.42 38.93 57.35 NOTE
r-release-macos-arm64 1.4.2.2 NOTE
r-release-macos-x86_64 1.4.2.2 NOTE
r-oldrel-macos-x86_64 1.4.2.2 OK

Check Details

Version: 1.4.2.2
Check: LazyData
Result: NOTE
     'LazyData' is specified without a 'data' directory
Flavors: r-devel-linux-x86_64-debian-clang, r-devel-linux-x86_64-debian-gcc, r-devel-linux-x86_64-fedora-clang, r-devel-linux-x86_64-fedora-gcc, r-patched-linux-x86_64, r-patched-solaris-x86, r-release-linux-x86_64, r-release-macos-arm64, r-release-macos-x86_64