CRAN Package Check Results for Package rjpdmp

Last updated on 2022-01-25 12:55:46 CET.

Flavor Version Tinstall Tcheck Ttotal Status Flags
r-devel-linux-x86_64-debian-clang 1.0.0 65.62 66.06 131.68 OK
r-devel-linux-x86_64-debian-gcc 1.0.0 51.60 49.08 100.68 OK
r-devel-linux-x86_64-fedora-clang 1.0.0 176.16 OK
r-devel-linux-x86_64-fedora-gcc 1.0.0 160.89 OK
r-devel-windows-x86_64-new-UL 1.0.0 66.00 112.00 178.00 OK
r-devel-windows-x86_64-new-TK 1.0.0 OK
r-patched-linux-x86_64 1.0.0 59.33 61.52 120.85 OK
r-release-linux-x86_64 1.0.0 55.83 63.54 119.37 OK
r-release-macos-arm64 1.0.0 NOTE
r-release-macos-x86_64 1.0.0 NOTE
r-release-windows-ix86+x86_64 1.0.0 155.00 129.00 284.00 OK
r-oldrel-macos-x86_64 1.0.0 NOTE
r-oldrel-windows-ix86+x86_64 1.0.0 155.00 135.00 290.00 OK

Check Details

Version: 1.0.0
Check: installed package size
Result: NOTE
     installed size is 7.0Mb
     sub-directories of 1Mb or more:
     libs 6.8Mb
Flavors: r-release-macos-arm64, r-release-macos-x86_64, r-oldrel-macos-x86_64