CRAN Package Check Results for Package ritis

Last updated on 2021-09-21 04:55:32 CEST.

Flavor Version Tinstall Tcheck Ttotal Status Flags
r-devel-linux-x86_64-debian-clang 1.0.0 4.50 64.92 69.42 OK
r-devel-linux-x86_64-debian-gcc 1.0.0 4.34 48.24 52.58 OK
r-devel-linux-x86_64-fedora-clang 1.0.0 90.63 OK
r-devel-linux-x86_64-fedora-gcc 1.0.0 83.57 OK
r-devel-windows-x86_64 1.0.0 7.00 71.00 78.00 OK
r-devel-windows-x86_64-gcc10-UCRT 1.0.0 ERROR
r-patched-linux-x86_64 1.0.0 5.65 59.51 65.16 OK
r-patched-solaris-x86 1.0.0 111.40 OK
r-release-linux-x86_64 1.0.0 5.41 60.15 65.56 OK
r-release-macos-arm64 1.0.0 OK
r-release-macos-x86_64 1.0.0 OK
r-release-windows-ix86+x86_64 1.0.0 15.00 67.00 82.00 OK
r-oldrel-macos-x86_64 1.0.0 OK
r-oldrel-windows-ix86+x86_64 1.0.0 14.00 68.00 82.00 OK

Check Details

Version: 1.0.0
Check: whether package can be installed
Result: WARN
    Found the following significant warnings:
     WARNING: installation-time patches will not be applied, could not get the patches index
Flavor: r-devel-windows-x86_64-gcc10-UCRT

Version: 1.0.0
Check: PDF version of manual
Result: WARN
    LaTeX errors when creating PDF version.
    This typically indicates Rd problems.
Flavor: r-devel-windows-x86_64-gcc10-UCRT

Version: 1.0.0
Check: PDF version of manual without hyperrefs or index
Result: ERROR
    Re-running with no redirection of stdout/stderr.
Flavor: r-devel-windows-x86_64-gcc10-UCRT