Last updated on 2023-02-09 03:56:21 CET.
Flavor | Version | Tinstall | Tcheck | Ttotal | Status | Flags |
---|---|---|---|---|---|---|
r-devel-linux-x86_64-debian-clang | 2022.11.28 | 326.74 | 398.89 | 725.63 | OK | |
r-devel-linux-x86_64-debian-gcc | 2022.11.28 | 244.14 | 271.37 | 515.51 | OK | |
r-devel-linux-x86_64-fedora-clang | 2022.11.28 | 1006.55 | OK | |||
r-devel-linux-x86_64-fedora-gcc | 2022.11.28 | 933.72 | OK | |||
r-devel-windows-x86_64 | 2022.11.28 | 383.00 | 448.00 | 831.00 | NOTE | |
r-patched-linux-x86_64 | 2022.11.28 | 269.94 | 351.93 | 621.87 | OK | |
r-release-linux-x86_64 | 2022.11.28 | 227.89 | 353.21 | 581.10 | OK | |
r-release-macos-arm64 | 2022.11.28 | 194.00 | NOTE | |||
r-release-macos-x86_64 | 2022.11.28 | 261.00 | NOTE | |||
r-release-windows-x86_64 | 2022.11.28 | 427.00 | 452.00 | 879.00 | OK | |
r-oldrel-macos-arm64 | 2022.11.28 | 180.00 | NOTE | |||
r-oldrel-macos-x86_64 | 2022.11.28 | 255.00 | NOTE | |||
r-oldrel-windows-ix86+x86_64 | 2022.11.28 | 716.00 | 608.00 | 1324.00 | OK |
Version: 2022.11.28
Check: C++ specification
Result: NOTE
Specified C++11: please drop specification unless essential
Flavor: r-devel-windows-x86_64
Version: 2022.11.28
Check: installed package size
Result: NOTE
installed size is 10.9Mb
sub-directories of 1Mb or more:
R 1.0Mb
libs 9.4Mb
Flavors: r-release-macos-arm64, r-release-macos-x86_64, r-oldrel-macos-arm64, r-oldrel-macos-x86_64