CRAN Package Check Results for Package ridigbio

Last updated on 2022-07-07 05:56:11 CEST.

Flavor Version Tinstall Tcheck Ttotal Status Flags
r-devel-linux-x86_64-debian-clang 0.3.5 2.74 27.33 30.07 NOTE
r-devel-linux-x86_64-debian-gcc 0.3.5 1.95 21.48 23.43 NOTE
r-devel-linux-x86_64-fedora-clang 0.3.5 46.85 NOTE
r-devel-linux-x86_64-fedora-gcc 0.3.5 45.95 NOTE
r-devel-windows-x86_64 0.3.5 23.00 58.00 81.00 NOTE
r-patched-linux-x86_64 0.3.5 3.01 26.90 29.91 NOTE
r-release-linux-x86_64 0.3.5 2.71 26.36 29.07 NOTE
r-release-macos-arm64 0.3.5 17.00 NOTE
r-release-macos-x86_64 0.3.5 23.00 NOTE
r-release-windows-x86_64 0.3.5 4.00 60.00 64.00 NOTE
r-oldrel-macos-arm64 0.3.5 23.00 NOTE
r-oldrel-macos-x86_64 0.3.5 29.00 NOTE
r-oldrel-windows-ix86+x86_64 0.3.5 5.00 45.00 50.00 NOTE

Check Details

Version: 0.3.5
Check: LazyData
Result: NOTE
     'LazyData' is specified without a 'data' directory
Flavors: r-devel-linux-x86_64-debian-clang, r-devel-linux-x86_64-debian-gcc, r-devel-linux-x86_64-fedora-clang, r-devel-linux-x86_64-fedora-gcc, r-devel-windows-x86_64, r-patched-linux-x86_64, r-release-linux-x86_64, r-release-macos-arm64, r-release-macos-x86_64, r-release-windows-x86_64, r-oldrel-macos-arm64, r-oldrel-macos-x86_64, r-oldrel-windows-ix86+x86_64