CRAN Package Check Results for Package ricu

Last updated on 2021-10-18 04:54:31 CEST.

Flavor Version Tinstall Tcheck Ttotal Status Flags
r-devel-linux-x86_64-debian-clang 0.5.1 16.51 157.93 174.44 NOTE
r-devel-linux-x86_64-debian-gcc 0.5.1 11.20 114.89 126.09 NOTE
r-devel-linux-x86_64-fedora-clang 0.5.1 218.60 NOTE
r-devel-linux-x86_64-fedora-gcc 0.5.1 208.82 NOTE
r-devel-windows-x86_64 0.5.1 25.00 145.00 170.00 NOTE
r-devel-windows-x86_64-gcc10-UCRT 0.5.1 NOTE
r-patched-linux-x86_64 0.5.1 23.56 155.25 178.81 NOTE
r-patched-solaris-x86 0.5.1 211.90 NOTE
r-release-linux-x86_64 0.5.1 12.19 152.23 164.42 NOTE
r-release-macos-arm64 0.5.0 NOTE
r-release-macos-x86_64 0.5.1 NOTE
r-release-windows-ix86+x86_64 0.5.1 36.00 187.00 223.00 NOTE
r-oldrel-macos-x86_64 0.5.1 NOTE
r-oldrel-windows-ix86+x86_64 0.5.1 25.00 133.00 158.00 NOTE

Check Details

Version: 0.5.1
Check: package dependencies
Result: NOTE
    Packages suggested but not available for checking:
     'mimic.demo', 'eicu.demo'
Flavors: r-devel-linux-x86_64-debian-clang, r-devel-linux-x86_64-debian-gcc, r-devel-linux-x86_64-fedora-clang, r-devel-linux-x86_64-fedora-gcc, r-devel-windows-x86_64, r-devel-windows-x86_64-gcc10-UCRT, r-patched-linux-x86_64, r-patched-solaris-x86, r-release-linux-x86_64, r-release-macos-x86_64, r-release-windows-ix86+x86_64, r-oldrel-macos-x86_64, r-oldrel-windows-ix86+x86_64

Version: 0.5.1
Check: dependencies in R code
Result: NOTE
    Namespace in Imports field not imported from: ‘glue’
     All declared Imports should be used.
Flavors: r-devel-linux-x86_64-fedora-clang, r-devel-linux-x86_64-fedora-gcc, r-devel-windows-x86_64-gcc10-UCRT, r-patched-solaris-x86, r-release-macos-x86_64, r-oldrel-macos-x86_64

Version: 0.5.0
Check: package dependencies
Result: NOTE
    Packages suggested but not available for checking:
     'mimic.demo', 'eicu.demo'
Flavor: r-release-macos-arm64

Version: 0.5.0
Check: dependencies in R code
Result: NOTE
    Namespace in Imports field not imported from: ‘glue’
     All declared Imports should be used.
Flavor: r-release-macos-arm64