CRAN Package Check Results for Package rgovcan

Last updated on 2021-09-28 04:55:08 CEST.

Flavor Version Tinstall Tcheck Ttotal Status Flags
r-devel-linux-x86_64-debian-clang 1.0.3 6.56 58.16 64.72 OK
r-devel-linux-x86_64-debian-gcc 1.0.3 4.55 43.70 48.25 OK
r-devel-linux-x86_64-fedora-clang 1.0.3 82.25 NOTE
r-devel-linux-x86_64-fedora-gcc 1.0.3 70.55 NOTE
r-devel-windows-x86_64 1.0.3 8.00 69.00 77.00 OK
r-devel-windows-x86_64-gcc10-UCRT 1.0.3 NOTE
r-patched-linux-x86_64 1.0.3 9.50 54.20 63.70 OK
r-patched-solaris-x86 1.0.3 103.20 NOTE
r-release-linux-x86_64 1.0.3 6.79 54.38 61.17 OK
r-release-macos-arm64 1.0.3 NOTE
r-release-macos-x86_64 1.0.3 NOTE
r-release-windows-ix86+x86_64 1.0.3 17.00 69.00 86.00 OK
r-oldrel-macos-x86_64 1.0.3 NOTE
r-oldrel-windows-ix86+x86_64 1.0.3 15.00 70.00 85.00 OK

Check Details

Version: 1.0.3
Check: dependencies in R code
Result: NOTE
    Namespace in Imports field not imported from: ‘crul’
     All declared Imports should be used.
Flavors: r-devel-linux-x86_64-fedora-clang, r-devel-linux-x86_64-fedora-gcc, r-devel-windows-x86_64-gcc10-UCRT, r-patched-solaris-x86, r-release-macos-arm64, r-release-macos-x86_64, r-oldrel-macos-x86_64