CRAN Package Check Results for Package rgoogleslides

Last updated on 2021-07-25 07:50:15 CEST.

Flavor Version Tinstall Tcheck Ttotal Status Flags
r-devel-linux-x86_64-debian-clang 0.3.2 4.71 27.83 32.54 NOTE
r-devel-linux-x86_64-debian-gcc 0.3.2 3.91 21.77 25.68 NOTE
r-devel-linux-x86_64-fedora-clang 0.3.2 52.29 NOTE
r-devel-linux-x86_64-fedora-gcc 0.3.2 38.68 NOTE
r-devel-windows-x86_64 0.3.2 8.00 33.00 41.00 NOTE
r-devel-windows-x86_64-gcc10-UCRT 0.3.2 NOTE
r-patched-linux-x86_64 0.3.2 8.40 26.66 35.06 NOTE
r-patched-solaris-x86 0.3.2 55.80 NOTE
r-release-linux-x86_64 0.3.2 5.14 26.51 31.65 NOTE
r-release-macos-arm64 0.3.2 NOTE
r-release-macos-x86_64 0.3.2 NOTE
r-release-windows-ix86+x86_64 0.3.2 9.00 37.00 46.00 NOTE
r-oldrel-macos-x86_64 0.3.2 OK
r-oldrel-windows-ix86+x86_64 0.3.2 10.00 39.00 49.00 OK

Check Details

Version: 0.3.2
Check: LazyData
Result: NOTE
     'LazyData' is specified without a 'data' directory
Flavors: r-devel-linux-x86_64-debian-clang, r-devel-linux-x86_64-debian-gcc, r-devel-linux-x86_64-fedora-clang, r-devel-linux-x86_64-fedora-gcc, r-devel-windows-x86_64, r-devel-windows-x86_64-gcc10-UCRT, r-patched-linux-x86_64, r-patched-solaris-x86, r-release-linux-x86_64, r-release-macos-arm64, r-release-macos-x86_64, r-release-windows-ix86+x86_64