CRAN Package Check Results for Package rgoogleads

Last updated on 2021-12-03 11:52:00 CET.

Flavor Version Tinstall Tcheck Ttotal Status Flags
r-devel-linux-x86_64-debian-clang 0.4.1 6.71 60.74 67.45 OK
r-devel-linux-x86_64-debian-gcc 0.4.1 5.45 46.19 51.64 OK
r-devel-linux-x86_64-fedora-clang 0.4.1 93.74 NOTE
r-devel-linux-x86_64-fedora-gcc 0.4.1 78.54 NOTE
r-devel-windows-x86_64-new-UL 0.4.1 24.00 89.00 113.00 OK
r-devel-windows-x86_64-new-TK 0.4.1 NOTE
r-devel-windows-x86_64-old 0.4.1 12.00 70.00 82.00 OK
r-patched-linux-x86_64 0.4.1 6.66 57.08 63.74 OK
r-patched-solaris-x86 0.4.1 111.70 NOTE
r-release-linux-x86_64 0.4.1 7.20 56.98 64.18 OK
r-release-macos-arm64 0.4.1 NOTE
r-release-macos-x86_64 0.4.1 NOTE
r-release-windows-ix86+x86_64 0.4.1 15.00 69.00 84.00 OK
r-oldrel-macos-x86_64 0.4.1 NOTE
r-oldrel-windows-ix86+x86_64 0.4.1 17.00 88.00 105.00 OK

Check Details

Version: 0.4.1
Check: dependencies in R code
Result: NOTE
    Namespaces in Imports field not imported from:
     ‘cachem’ ‘magrittr’ ‘rappdirs’
     All declared Imports should be used.
Flavors: r-devel-linux-x86_64-fedora-clang, r-devel-linux-x86_64-fedora-gcc, r-devel-windows-x86_64-new-TK, r-patched-solaris-x86, r-release-macos-arm64, r-release-macos-x86_64, r-oldrel-macos-x86_64