CRAN Package Check Results for Package rgen

Last updated on 2022-01-25 12:55:45 CET.

Flavor Version Tinstall Tcheck Ttotal Status Flags
r-devel-linux-x86_64-debian-clang 0.0.1 1.50 28.70 30.20 NOTE
r-devel-linux-x86_64-debian-gcc 0.0.1 1.21 22.97 24.18 NOTE
r-devel-linux-x86_64-fedora-clang 0.0.1 38.62 NOTE
r-devel-linux-x86_64-fedora-gcc 0.0.1 27.69 NOTE
r-devel-windows-x86_64-new-UL 0.0.1 20.00 50.00 70.00 NOTE
r-devel-windows-x86_64-new-TK 0.0.1 NOTE
r-patched-linux-x86_64 0.0.1 1.22 27.59 28.81 NOTE
r-release-linux-x86_64 0.0.1 1.76 27.34 29.10 NOTE
r-release-macos-arm64 0.0.1 NOTE
r-release-macos-x86_64 0.0.1 NOTE
r-release-windows-ix86+x86_64 0.0.1 5.00 36.00 41.00 NOTE
r-oldrel-macos-x86_64 0.0.1 OK
r-oldrel-windows-ix86+x86_64 0.0.1 5.00 35.00 40.00 OK

Check Details

Version: 0.0.1
Check: LazyData
Result: NOTE
     'LazyData' is specified without a 'data' directory
Flavors: r-devel-linux-x86_64-debian-clang, r-devel-linux-x86_64-debian-gcc, r-devel-linux-x86_64-fedora-clang, r-devel-linux-x86_64-fedora-gcc, r-devel-windows-x86_64-new-UL, r-devel-windows-x86_64-new-TK, r-patched-linux-x86_64, r-release-linux-x86_64, r-release-macos-arm64, r-release-macos-x86_64, r-release-windows-ix86+x86_64