CRAN Package Check Results for Package rgdax

Last updated on 2023-02-09 03:56:21 CET.

Flavor Version Tinstall Tcheck Ttotal Status Flags
r-devel-linux-x86_64-debian-clang 1.2.1 4.11 39.87 43.98 NOTE
r-devel-linux-x86_64-debian-gcc 1.2.1 3.23 30.87 34.10 NOTE
r-devel-linux-x86_64-fedora-clang 1.2.1 54.59 NOTE
r-devel-linux-x86_64-fedora-gcc 1.2.1 52.58 NOTE
r-devel-windows-x86_64 1.2.1 19.00 72.00 91.00 NOTE
r-patched-linux-x86_64 1.2.1 3.69 38.57 42.26 OK
r-release-linux-x86_64 1.2.1 3.70 39.21 42.91 OK
r-release-macos-arm64 1.2.1 23.00 OK
r-release-macos-x86_64 1.2.1 29.00 OK
r-release-windows-x86_64 1.2.1 12.00 72.00 84.00 OK
r-oldrel-macos-arm64 1.2.1 26.00 OK
r-oldrel-macos-x86_64 1.2.1 33.00 OK
r-oldrel-windows-ix86+x86_64 1.2.1 10.00 65.00 75.00 OK

Check Details

Version: 1.2.1
Check: package subdirectories
Result: NOTE
    Problems with news in ‘NEWS.md’:
    No news entries found.
Flavors: r-devel-linux-x86_64-debian-clang, r-devel-linux-x86_64-debian-gcc, r-devel-linux-x86_64-fedora-clang, r-devel-linux-x86_64-fedora-gcc, r-devel-windows-x86_64