CRAN Package Check Results for Package rgdal

Last updated on 2021-11-30 23:51:49 CET.

Flavor Version Tinstall Tcheck Ttotal Status Flags
r-devel-linux-x86_64-debian-clang 1.5-27 42.88 123.81 166.69 OK
r-devel-linux-x86_64-debian-gcc 1.5-27 32.05 104.82 136.87 OK
r-devel-linux-x86_64-fedora-clang 1.5-27 227.91 NOTE
r-devel-linux-x86_64-fedora-gcc 1.5-27 212.05 OK
r-devel-windows-x86_64-new-UL 1.5-27 139.00 727.00 866.00 NOTE
r-devel-windows-x86_64-new-TK 1.5-27 OK
r-devel-windows-x86_64-old 1.5-27 83.00 282.00 365.00 NOTE
r-patched-linux-x86_64 1.5-27 39.62 122.87 162.49 OK
r-patched-solaris-x86 1.5-27 242.10 NOTE
r-release-linux-x86_64 1.5-27 38.41 122.82 161.23 OK
r-release-macos-arm64 1.5-27 NOTE
r-release-macos-x86_64 1.5-27 NOTE
r-release-windows-ix86+x86_64 1.5-27 157.00 500.00 657.00 NOTE
r-oldrel-macos-x86_64 1.5-27 NOTE
r-oldrel-windows-ix86+x86_64 1.5-27 108.00 532.00 640.00 NOTE

Check Details

Version: 1.5-27
Check: installed package size
Result: NOTE
     installed size is 7.9Mb
     sub-directories of 1Mb or more:
     doc 3.4Mb
     pictures 1.3Mb
Flavors: r-devel-linux-x86_64-fedora-clang, r-devel-windows-x86_64-new-UL, r-devel-windows-x86_64-old, r-patched-solaris-x86, r-release-macos-arm64, r-release-macos-x86_64, r-release-windows-ix86+x86_64, r-oldrel-macos-x86_64, r-oldrel-windows-ix86+x86_64