Last updated on 2023-05-31 23:27:30 CEST.
Flavor | Version | Tinstall | Tcheck | Ttotal | Status | Flags |
---|---|---|---|---|---|---|
r-devel-linux-x86_64-debian-clang | 1.6-6 | 39.32 | 121.27 | 160.59 | OK | |
r-devel-linux-x86_64-debian-gcc | 1.6-6 | 29.71 | 96.47 | 126.18 | OK | |
r-devel-linux-x86_64-fedora-clang | 1.6-6 | 213.82 | NOTE | |||
r-devel-linux-x86_64-fedora-gcc | 1.6-6 | 219.25 | OK | |||
r-devel-windows-x86_64 | 1.6-6 | 57.00 | 616.00 | 673.00 | NOTE | |
r-patched-linux-x86_64 | 1.6-6 | OK | ||||
r-release-linux-x86_64 | 1.6-6 | 30.73 | 118.98 | 149.71 | OK | |
r-release-macos-arm64 | 1.6-6 | 125.00 | NOTE | |||
r-release-macos-x86_64 | 1.6-6 | 246.00 | NOTE | |||
r-release-windows-x86_64 | 1.6-6 | 70.00 | 765.00 | 835.00 | NOTE | |
r-oldrel-macos-arm64 | 1.6-6 | 110.00 | NOTE | |||
r-oldrel-macos-x86_64 | 1.6-6 | 170.00 | NOTE | |||
r-oldrel-windows-x86_64 | 1.6-6 | 105.00 | 677.00 | 782.00 | NOTE |
Version: 1.6-6
Check: installed package size
Result: NOTE
installed size is 7.9Mb
sub-directories of 1Mb or more:
doc 3.7Mb
pictures 1.3Mb
Flavors: r-devel-linux-x86_64-fedora-clang, r-devel-windows-x86_64, r-release-macos-arm64, r-release-macos-x86_64, r-release-windows-x86_64, r-oldrel-macos-arm64, r-oldrel-macos-x86_64, r-oldrel-windows-x86_64