CRAN Package Check Results for Package rfishnet2

Last updated on 2021-06-16 21:51:54 CEST.

Flavor Version Tinstall Tcheck Ttotal Status Flags
r-devel-linux-x86_64-debian-clang 0.2.0 4.25 48.50 52.75 OK
r-devel-linux-x86_64-debian-gcc 0.2.0 3.78 36.22 40.00 OK
r-devel-linux-x86_64-fedora-clang 0.2.0 70.97 NOTE
r-devel-linux-x86_64-fedora-gcc 0.2.0 59.14 NOTE
r-devel-windows-x86_64 0.2.0 9.00 70.00 79.00 OK
r-devel-windows-x86_64-gcc10-UCRT 0.2.0 ERROR
r-patched-linux-x86_64 0.2.0 4.22 46.01 50.23 OK
r-patched-solaris-x86 0.2.0 90.20 NOTE
r-release-linux-x86_64 0.2.0 4.63 44.73 49.36 OK
r-release-macos-arm64 0.2.0 NOTE
r-release-macos-x86_64 0.2.0 NOTE
r-release-windows-ix86+x86_64 0.2.0 12.00 67.00 79.00 OK
r-oldrel-macos-x86_64 0.2.0 NOTE
r-oldrel-windows-ix86+x86_64 0.2.0 9.00 61.00 70.00 OK

Check Details

Version: 0.2.0
Check: dependencies in R code
Result: NOTE
    Namespace in Imports field not imported from: ‘sf’
     All declared Imports should be used.
Flavors: r-devel-linux-x86_64-fedora-clang, r-devel-linux-x86_64-fedora-gcc, r-patched-solaris-x86, r-release-macos-arm64, r-release-macos-x86_64, r-oldrel-macos-x86_64

Version: 0.2.0
Check: package dependencies
Result: ERROR
    Package required but not available: 'sf'
    
    See section 'The DESCRIPTION file' in the 'Writing R Extensions'
    manual.
Flavor: r-devel-windows-x86_64-gcc10-UCRT