CRAN Package Check Results for Package revss

Last updated on 2022-01-25 12:55:45 CET.

Flavor Version Tinstall Tcheck Ttotal Status Flags
r-devel-linux-x86_64-debian-clang 1.0.3 2.12 30.85 32.97 OK
r-devel-linux-x86_64-debian-gcc 1.0.3 1.43 23.76 25.19 OK
r-devel-linux-x86_64-fedora-clang 1.0.3 39.13 NOTE
r-devel-linux-x86_64-fedora-gcc 1.0.3 29.04 OK
r-devel-windows-x86_64-new-UL 1.0.3 14.00 51.00 65.00 OK
r-devel-windows-x86_64-new-TK 1.0.3 OK
r-patched-linux-x86_64 1.0.3 1.86 29.74 31.60 OK
r-release-linux-x86_64 1.0.3 1.78 29.32 31.10 OK
r-release-macos-arm64 1.0.2 OK
r-release-macos-x86_64 1.0.3 OK
r-release-windows-ix86+x86_64 1.0.3 5.00 39.00 44.00 OK
r-oldrel-macos-x86_64 1.0.3 OK
r-oldrel-windows-ix86+x86_64 1.0.3 8.00 37.00 45.00 OK

Check Details

Version: 1.0.3
Check: Rd cross-references
Result: NOTE
    Undeclared package ‘robustbase’ in Rd xrefs
Flavor: r-devel-linux-x86_64-fedora-clang