CRAN Package Check Results for Package reverseR

Last updated on 2021-11-30 11:52:08 CET.

Flavor Version Tinstall Tcheck Ttotal Status Flags
r-devel-linux-x86_64-debian-clang 0.1 4.64 56.73 61.37 NOTE
r-devel-linux-x86_64-debian-gcc 0.1 3.71 43.28 46.99 NOTE
r-devel-linux-x86_64-fedora-clang 0.1 84.87 NOTE
r-devel-linux-x86_64-fedora-gcc 0.1 73.20 NOTE
r-devel-windows-x86_64-new-UL 0.1 13.00 95.00 108.00 NOTE
r-devel-windows-x86_64-new-TK 0.1 NOTE
r-devel-windows-x86_64-old 0.1 10.00 64.00 74.00 NOTE
r-patched-linux-x86_64 0.1 4.77 55.36 60.13 NOTE
r-patched-solaris-x86 0.1 105.60 NOTE
r-release-linux-x86_64 0.1 4.65 55.64 60.29 NOTE
r-release-macos-arm64 0.1 NOTE
r-release-macos-x86_64 0.1 NOTE
r-release-windows-ix86+x86_64 0.1 11.00 62.00 73.00 NOTE
r-oldrel-macos-x86_64 0.1 NOTE
r-oldrel-windows-ix86+x86_64 0.1 9.00 82.00 91.00 OK

Check Details

Version: 0.1
Check: LazyData
Result: NOTE
     'LazyData' is specified without a 'data' directory
Flavors: r-devel-linux-x86_64-debian-clang, r-devel-linux-x86_64-debian-gcc, r-devel-linux-x86_64-fedora-clang, r-devel-linux-x86_64-fedora-gcc, r-devel-windows-x86_64-new-UL, r-devel-windows-x86_64-new-TK, r-devel-windows-x86_64-old, r-patched-linux-x86_64, r-patched-solaris-x86, r-release-linux-x86_64, r-release-macos-arm64, r-release-macos-x86_64, r-release-windows-ix86+x86_64

Version: 0.1
Check: dependencies in R code
Result: NOTE
    Namespace in Imports field not imported from: ‘DT’
     All declared Imports should be used.
Flavors: r-devel-linux-x86_64-fedora-clang, r-devel-linux-x86_64-fedora-gcc, r-devel-windows-x86_64-new-TK, r-patched-solaris-x86, r-release-macos-arm64, r-release-macos-x86_64, r-oldrel-macos-x86_64