CRAN Package Check Results for Package reticulate

Last updated on 2021-06-19 09:53:15 CEST.

Flavor Version Tinstall Tcheck Ttotal Status Flags
r-devel-linux-x86_64-debian-clang 1.20 59.73 97.87 157.60 OK
r-devel-linux-x86_64-debian-gcc 1.20 38.21 75.63 113.84 OK
r-devel-linux-x86_64-fedora-clang 1.20 209.54 OK
r-devel-linux-x86_64-fedora-gcc 1.20 188.89 OK
r-devel-windows-x86_64 1.20 77.00 133.00 210.00 OK
r-devel-windows-x86_64-gcc10-UCRT 1.20 OK
r-patched-linux-x86_64 1.20 49.30 94.23 143.53 OK
r-patched-solaris-x86 1.20 219.40 OK
r-release-linux-x86_64 1.20 46.55 96.58 143.13 OK
r-release-macos-arm64 1.20 NOTE
r-release-macos-x86_64 1.20 OK
r-release-windows-ix86+x86_64 1.20 136.00 202.00 338.00 OK
r-oldrel-macos-x86_64 1.20 OK
r-oldrel-windows-ix86+x86_64 1.20 94.00 208.00 302.00 OK

Check Details

Version: 1.20
Check: installed package size
Result: NOTE
     installed size is 5.6Mb
     sub-directories of 1Mb or more:
     libs 4.2Mb
Flavor: r-release-macos-arm64