Last updated on 2023-03-31 05:54:34 CEST.
Flavor | Version | Tinstall | Tcheck | Ttotal | Status | Flags |
---|---|---|---|---|---|---|
r-devel-linux-x86_64-debian-clang | 2.1.3 | 5.67 | 89.66 | 95.33 | OK | |
r-devel-linux-x86_64-debian-gcc | 2.1.3 | 4.30 | 68.86 | 73.16 | OK | |
r-devel-linux-x86_64-fedora-clang | 2.1.3 | 117.02 | OK | |||
r-devel-linux-x86_64-fedora-gcc | 2.1.3 | 126.27 | OK | |||
r-patched-linux-x86_64 | 2.1.3 | 15.30 | 86.63 | 101.93 | OK | |
r-release-linux-x86_64 | 2.1.3 | 3.96 | 79.15 | 83.11 | OK | |
r-release-macos-arm64 | 2.1.3 | 61.00 | OK | |||
r-release-macos-x86_64 | 2.1.3 | 63.00 | OK | |||
r-release-windows-x86_64 | 2.1.3 | 90.00 | 207.00 | 297.00 | OK | |
r-oldrel-macos-arm64 | 2.1.3 | 60.00 | OK | |||
r-oldrel-macos-x86_64 | 2.1.3 | 72.00 | OK | |||
r-oldrel-windows-ix86+x86_64 | 2.1.3 | 10.00 | 174.00 | 184.00 | NOTE |
Version: 2.1.3
Check: dependencies in R code
Result: NOTE
Initiating curl with CURL_SSL_BACKEND: openssl
Flavor: r-oldrel-windows-ix86+x86_64