CRAN Package Check Results for Package rerddapXtracto

Last updated on 2021-09-20 04:58:35 CEST.

Flavor Version Tinstall Tcheck Ttotal Status Flags
r-devel-linux-x86_64-debian-clang 1.1.1 4.36 53.18 57.54 OK
r-devel-linux-x86_64-debian-gcc 1.1.1 3.34 40.00 43.34 OK
r-devel-linux-x86_64-fedora-clang 1.1.1 74.13 OK
r-devel-linux-x86_64-fedora-gcc 1.1.1 63.28 OK
r-devel-windows-x86_64 1.1.1 6.00 75.00 81.00 OK
r-devel-windows-x86_64-gcc10-UCRT 1.1.1 ERROR
r-patched-linux-x86_64 1.1.1 4.64 50.11 54.75 OK
r-patched-solaris-x86 1.1.1 93.00 OK
r-release-linux-x86_64 1.1.1 4.16 50.15 54.31 OK
r-release-macos-arm64 1.1.1 OK
r-release-macos-x86_64 1.1.1 OK
r-release-windows-ix86+x86_64 1.1.1 9.00 71.00 80.00 OK
r-oldrel-macos-x86_64 1.1.1 OK
r-oldrel-windows-ix86+x86_64 1.1.1 10.00 69.00 79.00 OK

Check Details

Version: 1.1.1
Check: whether package can be installed
Result: WARN
    Found the following significant warnings:
     WARNING: installation-time patches will not be applied, could not get the patches index
Flavor: r-devel-windows-x86_64-gcc10-UCRT

Version: 1.1.1
Check: PDF version of manual
Result: WARN
    LaTeX errors when creating PDF version.
    This typically indicates Rd problems.
Flavor: r-devel-windows-x86_64-gcc10-UCRT

Version: 1.1.1
Check: PDF version of manual without hyperrefs or index
Result: ERROR
    Re-running with no redirection of stdout/stderr.
Flavor: r-devel-windows-x86_64-gcc10-UCRT