CRAN Package Check Results for Package repr

Last updated on 2021-07-23 07:49:59 CEST.

Flavor Version Tinstall Tcheck Ttotal Status Flags
r-devel-linux-x86_64-debian-clang 1.1.3 4.30 44.44 48.74 NOTE
r-devel-linux-x86_64-debian-gcc 1.1.3 3.48 33.58 37.06 NOTE
r-devel-linux-x86_64-fedora-clang 1.1.3 67.78 NOTE
r-devel-linux-x86_64-fedora-gcc 1.1.3 115.22 NOTE
r-devel-windows-x86_64 1.1.3 6.00 49.00 55.00 NOTE
r-devel-windows-x86_64-gcc10-UCRT 1.1.3 NOTE
r-patched-linux-x86_64 1.1.3 4.75 42.43 47.18 NOTE
r-patched-solaris-x86 1.1.3 85.30 NOTE
r-release-linux-x86_64 1.1.3 4.41 41.74 46.15 NOTE
r-release-macos-arm64 1.1.3 NOTE
r-release-macos-x86_64 1.1.3 NOTE
r-release-windows-ix86+x86_64 1.1.3 9.00 50.00 59.00 NOTE
r-oldrel-macos-x86_64 1.1.3 OK
r-oldrel-windows-ix86+x86_64 1.1.3 10.00 62.00 72.00 OK

Check Details

Version: 1.1.3
Check: LazyData
Result: NOTE
     'LazyData' is specified without a 'data' directory
Flavors: r-devel-linux-x86_64-debian-clang, r-devel-linux-x86_64-debian-gcc, r-devel-linux-x86_64-fedora-clang, r-devel-linux-x86_64-fedora-gcc, r-devel-windows-x86_64, r-devel-windows-x86_64-gcc10-UCRT, r-patched-linux-x86_64, r-patched-solaris-x86, r-release-linux-x86_64, r-release-macos-arm64, r-release-macos-x86_64, r-release-windows-ix86+x86_64

Version: 1.1.3
Check: Rd cross-references
Result: NOTE
    Undeclared package ‘ggplot2’ in Rd xrefs
Flavor: r-devel-linux-x86_64-fedora-clang

Version: 1.1.3
Check: package dependencies
Result: NOTE
    Package which this enhances but not available for checking: ‘geojsonio’
Flavor: r-release-macos-arm64

Version: 1.1.3
Check: Rd cross-references
Result: NOTE
    Package unavailable to check Rd xrefs: ‘geojsonio’
Flavor: r-release-macos-arm64