CRAN Package Check Results for Package reportr

Last updated on 2021-10-18 04:54:31 CEST.

Flavor Version Tinstall Tcheck Ttotal Status Flags
r-devel-linux-x86_64-debian-clang 1.3.0 1.99 942.29 944.28 ERROR
r-devel-linux-x86_64-debian-gcc 1.3.0 1.48 18.45 19.93 OK
r-devel-linux-x86_64-fedora-clang 1.3.0 41.09 OK
r-devel-linux-x86_64-fedora-gcc 1.3.0 40.37 OK
r-devel-windows-x86_64 1.3.0 4.00 33.00 37.00 OK
r-devel-windows-x86_64-gcc10-UCRT 1.3.0 OK
r-patched-linux-x86_64 1.3.0 2.89 22.57 25.46 OK
r-patched-solaris-x86 1.3.0 48.90 OK
r-release-linux-x86_64 1.3.0 1.84 22.63 24.47 OK
r-release-macos-arm64 1.3.0 OK
r-release-macos-x86_64 1.3.0 OK
r-release-windows-ix86+x86_64 1.3.0 4.00 41.00 45.00 OK
r-oldrel-macos-x86_64 1.3.0 OK
r-oldrel-windows-ix86+x86_64 1.3.0 6.00 41.00 47.00 OK

Check Details

Version: 1.3.0
Check: tests
Result: ERROR
     Running 'testthat.R' [15m/16m]
    Running the tests in 'tests/testthat.R' failed.
    Complete output:
     > library(testthat)
     > library(reportr)
     >
     > test_check("reportr")
     == Failed tests ================================================================
     -- Error (test-05-reportr.R:3:1): message reporting works ----------------------
     Error: node stack overflow
    
     [ FAIL 1 | WARN 1391 | SKIP 0 | PASS 19 ]
     Error: Test failures
     Execution halted
Flavor: r-devel-linux-x86_64-debian-clang