CRAN Package Check Results for Package repolr

Last updated on 2022-01-28 00:49:06 CET.

Flavor Version Tinstall Tcheck Ttotal Status Flags
r-devel-linux-x86_64-debian-clang 3.4 155.74 47.80 203.54 OK
r-devel-linux-x86_64-debian-gcc 3.4 132.63 37.39 170.02 OK
r-devel-linux-x86_64-fedora-clang 3.4 319.05 NOTE
r-devel-linux-x86_64-fedora-gcc 3.4 283.17 NOTE
r-devel-windows-x86_64-new-UL 3.4 135.00 98.00 233.00 OK
r-devel-windows-x86_64-new-TK 3.4 OK
r-patched-linux-x86_64 3.4 153.88 45.40 199.28 OK
r-release-linux-x86_64 3.4 150.53 45.26 195.79 OK
r-release-macos-arm64 3.4 NOTE
r-release-macos-x86_64 3.4 NOTE
r-release-windows-ix86+x86_64 3.4 389.00 87.00 476.00 OK
r-oldrel-macos-x86_64 3.4 NOTE
r-oldrel-windows-ix86+x86_64 3.4 390.00 94.00 484.00 OK

Check Details

Version: 3.4
Check: installed package size
Result: NOTE
     installed size is 11.4Mb
     sub-directories of 1Mb or more:
     libs 11.2Mb
Flavors: r-devel-linux-x86_64-fedora-clang, r-release-macos-arm64, r-release-macos-x86_64, r-oldrel-macos-x86_64

Version: 3.4
Check: compiled code
Result: NOTE
    File ‘repolr/libs/repolr.so’:
     Found no calls to: ‘R_registerRoutines’, ‘R_useDynamicSymbols’
    
    It is good practice to register native routines and to disable symbol
    search.
    
    See ‘Writing portable packages’ in the ‘Writing R Extensions’ manual.
Flavors: r-devel-linux-x86_64-fedora-clang, r-devel-linux-x86_64-fedora-gcc