CRAN Package Check Results for Package repo

Last updated on 2022-08-19 09:52:23 CEST.

Flavor Version Tinstall Tcheck Ttotal Status Flags
r-devel-linux-x86_64-debian-clang 2.1.5 2.87 44.74 47.61 NOTE
r-devel-linux-x86_64-debian-gcc 2.1.5 2.31 34.17 36.48 NOTE
r-devel-linux-x86_64-fedora-clang 2.1.5 68.92 NOTE
r-devel-linux-x86_64-fedora-gcc 2.1.5 66.50 NOTE
r-devel-windows-x86_64 2.1.5 21.00 83.00 104.00 NOTE
r-patched-linux-x86_64 2.1.5 4.55 42.16 46.71 OK
r-release-linux-x86_64 2.1.5 OK
r-release-macos-arm64 2.1.5 23.00 OK
r-release-macos-x86_64 2.1.5 32.00 OK
r-release-windows-x86_64 2.1.5 22.00 78.00 100.00 OK
r-oldrel-macos-arm64 2.1.5 26.00 OK
r-oldrel-macos-x86_64 2.1.5 44.00 OK
r-oldrel-windows-ix86+x86_64 2.1.5 8.00 67.00 75.00 OK

Check Details

Version: 2.1.5
Check: package subdirectories
Result: NOTE
    Problems with news in 'NEWS.md':
    No news entries found.
Flavors: r-devel-linux-x86_64-debian-clang, r-devel-linux-x86_64-debian-gcc, r-devel-linux-x86_64-fedora-clang, r-devel-linux-x86_64-fedora-gcc, r-devel-windows-x86_64