CRAN Package Check Results for Package repmis

Last updated on 2024-07-16 07:01:49 CEST.

Flavor Version Tinstall Tcheck Ttotal Status Flags
r-devel-linux-x86_64-debian-clang 0.5 3.29 39.70 42.99 NOTE
r-devel-linux-x86_64-debian-gcc 0.5 3.25 29.32 32.57 NOTE
r-devel-linux-x86_64-fedora-clang 0.5 53.58 NOTE
r-devel-linux-x86_64-fedora-gcc 0.5 62.05 NOTE
r-devel-windows-x86_64 0.5 5.00 51.00 56.00 NOTE
r-patched-linux-x86_64 0.5 6.69 38.01 44.70 NOTE
r-release-linux-x86_64 0.5 3.54 36.74 40.28 NOTE
r-release-macos-arm64 0.5 29.00 OK
r-release-macos-x86_64 0.5 50.00 OK
r-release-windows-x86_64 0.5 4.00 51.00 55.00 OK
r-oldrel-macos-arm64 0.5 30.00 OK
r-oldrel-macos-x86_64 0.5 45.00 OK
r-oldrel-windows-x86_64 0.5 5.00 53.00 58.00 OK

Check Details

Version: 0.5
Check: for non-standard things in the check directory
Result: NOTE Found the following files/directories: ‘PackageCites.bib’ Flavors: r-devel-linux-x86_64-debian-clang, r-devel-linux-x86_64-debian-gcc, r-devel-linux-x86_64-fedora-clang, r-devel-linux-x86_64-fedora-gcc, r-patched-linux-x86_64, r-release-linux-x86_64

Version: 0.5
Check: Rd cross-references
Result: NOTE Found the following Rd file(s) with Rd \link{} targets missing package anchors: source_XlsxData.Rd: httr source_data.Rd: fread, httr Please provide package anchors for all Rd \link{} targets not in the package itself and the base packages. Flavor: r-devel-windows-x86_64