Last updated on 2022-05-24 02:52:48 CEST.
Flavor | Version | Tinstall | Tcheck | Ttotal | Status | Flags |
---|---|---|---|---|---|---|
r-devel-linux-x86_64-debian-clang | 0.5 | 4.60 | 58.35 | 62.95 | NOTE | |
r-devel-linux-x86_64-debian-gcc | 0.5 | 3.23 | 43.51 | 46.74 | NOTE | |
r-devel-linux-x86_64-fedora-clang | 0.5 | 72.71 | NOTE | |||
r-devel-linux-x86_64-fedora-gcc | 0.5 | 60.35 | NOTE | |||
r-devel-windows-x86_64 | 0.5 | 12.00 | 84.00 | 96.00 | OK | |
r-patched-linux-x86_64 | 0.5 | 6.89 | 54.64 | 61.53 | NOTE | |
r-release-linux-x86_64 | 0.5 | NOTE | ||||
r-release-macos-arm64 | 0.5 | 27.00 | OK | |||
r-release-macos-x86_64 | 0.5 | 37.00 | OK | |||
r-release-windows-x86_64 | 0.5 | 12.00 | 86.00 | 98.00 | OK | |
r-oldrel-macos-arm64 | 0.5 | 35.00 | OK | |||
r-oldrel-macos-x86_64 | 0.5 | 42.00 | OK | |||
r-oldrel-windows-ix86+x86_64 | 0.5 | 11.00 | 55.00 | 66.00 | OK |
Version: 0.5
Check: for non-standard things in the check directory
Result: NOTE
Found the following files/directories:
'PackageCites.bib'
Flavors: r-devel-linux-x86_64-debian-clang, r-devel-linux-x86_64-debian-gcc, r-devel-linux-x86_64-fedora-clang, r-devel-linux-x86_64-fedora-gcc, r-patched-linux-x86_64, r-release-linux-x86_64