Last updated on 2023-06-06 23:10:04 CEST.
Flavor | Version | Tinstall | Tcheck | Ttotal | Status | Flags |
---|---|---|---|---|---|---|
r-devel-linux-x86_64-debian-clang | 0.5 | 4.52 | 39.40 | 43.92 | NOTE | |
r-devel-linux-x86_64-debian-gcc | 0.5 | 3.24 | 29.37 | 32.61 | NOTE | |
r-devel-linux-x86_64-fedora-clang | 0.5 | 54.77 | NOTE | |||
r-devel-linux-x86_64-fedora-gcc | 0.5 | 61.04 | NOTE | |||
r-devel-windows-x86_64 | 0.5 | 5.00 | 52.00 | 57.00 | OK | |
r-patched-linux-x86_64 | 0.5 | 7.71 | 36.80 | 44.51 | NOTE | |
r-release-linux-x86_64 | 0.5 | 3.65 | 36.63 | 40.28 | NOTE | |
r-release-macos-arm64 | 0.5 | 30.00 | OK | |||
r-release-macos-x86_64 | 0.5 | 45.00 | OK | |||
r-release-windows-x86_64 | 0.5 | 5.00 | 54.00 | 59.00 | OK | |
r-oldrel-macos-arm64 | 0.5 | 27.00 | OK | |||
r-oldrel-macos-x86_64 | 0.5 | 37.00 | OK | |||
r-oldrel-windows-x86_64 | 0.5 | 6.00 | 58.00 | 64.00 | OK |
Version: 0.5
Check: for non-standard things in the check directory
Result: NOTE
Found the following files/directories:
‘PackageCites.bib’
Flavors: r-devel-linux-x86_64-debian-clang, r-devel-linux-x86_64-debian-gcc, r-devel-linux-x86_64-fedora-clang, r-devel-linux-x86_64-fedora-gcc, r-patched-linux-x86_64, r-release-linux-x86_64