CRAN Package Check Results for Package reldist

Last updated on 2024-07-20 18:57:40 CEST.

Flavor Version Tinstall Tcheck Ttotal Status Flags
r-devel-linux-x86_64-debian-clang 1.7-2 31.48 196.84 228.32 OK
r-devel-linux-x86_64-debian-gcc 1.7-2 29.29 149.29 178.58 OK
r-devel-linux-x86_64-fedora-clang 1.7-2 299.84 OK
r-devel-linux-x86_64-fedora-gcc 1.7-2 272.66 OK
r-devel-windows-x86_64 1.7-2 22.00 139.00 161.00 OK
r-patched-linux-x86_64 1.7-2 0.31 2.04 2.35 ERROR
r-release-linux-x86_64 1.7-2 23.76 195.37 219.13 OK
r-release-macos-arm64 1.7-2 65.00 OK
r-release-macos-x86_64 1.7-2 93.00 OK
r-release-windows-x86_64 1.7-2 21.00 139.00 160.00 OK
r-oldrel-macos-arm64 1.7-2 61.00 OK
r-oldrel-macos-x86_64 1.7-2 101.00 OK
r-oldrel-windows-x86_64 1.7-2 25.00 172.00 197.00 OK

Check Details

Version: 1.7-2
Check: package dependencies
Result: ERROR Package required but not available: ‘densEstBayes’ See section ‘The DESCRIPTION file’ in the ‘Writing R Extensions’ manual. Flavor: r-patched-linux-x86_64