CRAN Package Check Results for Package relations

Last updated on 2021-09-21 04:55:31 CEST.

Flavor Version Tinstall Tcheck Ttotal Status Flags
r-devel-linux-x86_64-debian-clang 0.6-9 11.12 87.03 98.15 OK
r-devel-linux-x86_64-debian-gcc 0.6-9 9.16 63.82 72.98 OK
r-devel-linux-x86_64-fedora-clang 0.6-9 123.38 NOTE
r-devel-linux-x86_64-fedora-gcc 0.6-9 113.14 NOTE
r-devel-windows-x86_64 0.6-9 12.00 84.00 96.00 NOTE
r-devel-windows-x86_64-gcc10-UCRT 0.6-9 ERROR
r-patched-linux-x86_64 0.6-9 10.75 82.87 93.62 OK
r-patched-solaris-x86 0.6-9 152.70 NOTE
r-release-linux-x86_64 0.6-9 11.31 82.75 94.06 OK
r-release-macos-arm64 0.6-9 NOTE
r-release-macos-x86_64 0.6-9 NOTE
r-release-windows-ix86+x86_64 0.6-9 18.00 82.00 100.00 NOTE
r-oldrel-macos-x86_64 0.6-9 NOTE
r-oldrel-windows-ix86+x86_64 0.6-9 17.00 88.00 105.00 NOTE

Check Details

Version: 0.6-9
Check: package dependencies
Result: NOTE
    Package which this enhances but not available for checking: ‘Rcplex’
Flavors: r-devel-linux-x86_64-fedora-clang, r-devel-linux-x86_64-fedora-gcc, r-devel-windows-x86_64, r-devel-windows-x86_64-gcc10-UCRT, r-release-macos-x86_64, r-release-windows-ix86+x86_64, r-oldrel-windows-ix86+x86_64

Version: 0.6-9
Check: Rd cross-references
Result: NOTE
    Undeclared package ‘graph’ in Rd xrefs
Flavor: r-devel-linux-x86_64-fedora-clang

Version: 0.6-9
Check: whether package can be installed
Result: WARN
    Found the following significant warnings:
     WARNING: installation-time patches will not be applied, could not get the patches index
Flavor: r-devel-windows-x86_64-gcc10-UCRT

Version: 0.6-9
Check: PDF version of manual
Result: WARN
    LaTeX errors when creating PDF version.
    This typically indicates Rd problems.
Flavor: r-devel-windows-x86_64-gcc10-UCRT

Version: 0.6-9
Check: PDF version of manual without hyperrefs or index
Result: ERROR
    Re-running with no redirection of stdout/stderr.
Flavor: r-devel-windows-x86_64-gcc10-UCRT

Version: 0.6-9
Check: package dependencies
Result: NOTE
    Package suggested but not available for checking: ‘Rsymphony’
    
    Package which this enhances but not available for checking: ‘Rcplex’
Flavors: r-patched-solaris-x86, r-release-macos-arm64, r-oldrel-macos-x86_64