CRAN Package Check Results for Package rego

Last updated on 2022-10-02 11:54:23 CEST.

Flavor Version Tinstall Tcheck Ttotal Status Flags
r-devel-linux-x86_64-debian-clang 1.5.2 46.11 31.48 77.59 OK
r-devel-linux-x86_64-debian-gcc 1.5.2 38.57 24.41 62.98 OK
r-devel-linux-x86_64-fedora-clang 1.5.2 114.26 NOTE
r-devel-linux-x86_64-fedora-gcc 1.5.2 109.45 OK
r-devel-windows-x86_64 1.5.2 1201.00 109.00 1310.00 NOTE
r-patched-linux-x86_64 1.5.2 37.48 29.98 67.46 OK
r-release-linux-x86_64 1.5.2 40.31 30.08 70.39 OK
r-release-macos-arm64 1.5.2 50.00 NOTE
r-release-macos-x86_64 1.5.2 45.00 NOTE
r-release-windows-x86_64 1.5.2 937.00 97.00 1034.00 NOTE
r-oldrel-macos-arm64 1.5.2 38.00 NOTE
r-oldrel-macos-x86_64 1.5.2 52.00 NOTE
r-oldrel-windows-ix86+x86_64 1.5.2 99.00 76.00 175.00 NOTE

Check Details

Version: 1.5.2
Check: installed package size
Result: NOTE
     installed size is 7.2Mb
     sub-directories of 1Mb or more:
     include 6.4Mb
Flavors: r-devel-linux-x86_64-fedora-clang, r-devel-windows-x86_64, r-release-macos-arm64, r-release-macos-x86_64, r-release-windows-x86_64, r-oldrel-macos-arm64, r-oldrel-macos-x86_64, r-oldrel-windows-ix86+x86_64