CRAN Package Check Results for Package regexPipes

Last updated on 2021-10-28 05:50:39 CEST.

Flavor Version Tinstall Tcheck Ttotal Status Flags
r-devel-linux-x86_64-debian-clang 0.0.1 1.80 18.50 20.30 NOTE
r-devel-linux-x86_64-debian-gcc 0.0.1 1.46 14.90 16.36 NOTE
r-devel-linux-x86_64-fedora-clang 0.0.1 36.11 NOTE
r-devel-linux-x86_64-fedora-gcc 0.0.1 25.72 NOTE
r-devel-windows-x86_64 0.0.1 3.00 27.00 30.00 NOTE
r-devel-windows-x86_64-gcc10-UCRT 0.0.1 NOTE
r-patched-linux-x86_64 0.0.1 1.82 18.13 19.95 NOTE
r-patched-solaris-x86 0.0.1 42.20 NOTE
r-release-linux-x86_64 0.0.1 1.88 18.03 19.91 NOTE
r-release-macos-arm64 0.0.1 NOTE
r-release-macos-x86_64 0.0.1 NOTE
r-release-windows-ix86+x86_64 0.0.1 3.00 35.00 38.00 NOTE
r-oldrel-macos-x86_64 0.0.1 OK
r-oldrel-windows-ix86+x86_64 0.0.1 3.00 37.00 40.00 OK

Check Details

Version: 0.0.1
Check: LazyData
Result: NOTE
     'LazyData' is specified without a 'data' directory
Flavors: r-devel-linux-x86_64-debian-clang, r-devel-linux-x86_64-debian-gcc, r-devel-linux-x86_64-fedora-clang, r-devel-linux-x86_64-fedora-gcc, r-devel-windows-x86_64, r-devel-windows-x86_64-gcc10-UCRT, r-patched-linux-x86_64, r-patched-solaris-x86, r-release-linux-x86_64, r-release-macos-arm64, r-release-macos-x86_64, r-release-windows-ix86+x86_64