CRAN Package Check Results for Package redist

Last updated on 2021-07-30 19:50:22 CEST.

Flavor Version Tinstall Tcheck Ttotal Status Flags
r-devel-linux-x86_64-debian-clang 3.0.7 OK
r-devel-linux-x86_64-debian-gcc 3.0.7 303.58 344.69 648.27 OK
r-devel-linux-x86_64-fedora-clang 3.0.7 1376.94 NOTE
r-devel-linux-x86_64-fedora-gcc 3.0.7 1261.32 OK
r-devel-windows-x86_64 3.0.7 509.00 606.00 1115.00 NOTE
r-devel-windows-x86_64-gcc10-UCRT 3.0.7 OK
r-patched-linux-x86_64 3.0.7 OK
r-patched-solaris-x86 3.0.7 1169.50 NOTE
r-release-linux-x86_64 3.0.7 364.25 435.35 799.60 OK
r-release-macos-arm64 3.0.7 WARN
r-release-macos-x86_64 3.0.7 NOTE
r-release-windows-ix86+x86_64 3.0.7 1022.00 675.00 1697.00 NOTE
r-oldrel-macos-x86_64 3.0.7 NOTE
r-oldrel-windows-ix86+x86_64 3.0.7 768.00 695.00 1463.00 NOTE

Check Details

Version: 3.0.7
Check: installed package size
Result: NOTE
     installed size is 18.0Mb
     sub-directories of 1Mb or more:
     libs 14.4Mb
Flavors: r-devel-linux-x86_64-fedora-clang, r-devel-windows-x86_64, r-patched-solaris-x86, r-release-macos-arm64, r-release-macos-x86_64, r-release-windows-ix86+x86_64, r-oldrel-macos-x86_64, r-oldrel-windows-ix86+x86_64

Version: 3.0.7
Check: package dependencies
Result: NOTE
    Package suggested but not available for checking: ‘Rmpi’
Flavors: r-release-macos-arm64, r-release-macos-x86_64, r-oldrel-macos-x86_64

Version: 3.0.7
Check: re-building of vignette outputs
Result: WARN
    Error(s) in re-building vignettes:
    --- re-building ‘glossary.Rmd’ using rmarkdown
    Warning in engine$weave(file, quiet = quiet, encoding = enc) :
     Pandoc (>= 1.12.3) not available. Falling back to R Markdown v1.
    Quitting from lines 43-45 (glossary.Rmd)
    Error: processing vignette 'glossary.Rmd' failed with diagnostics:
    polygon edge not found
    --- failed re-building ‘glossary.Rmd’
    
    --- re-building ‘map-preproc.Rmd’ using rmarkdown
    Warning in engine$weave(file, quiet = quiet, encoding = enc) :
     Pandoc (>= 1.12.3) not available. Falling back to R Markdown v1.
    
    Attaching package: 'dplyr'
    
    The following objects are masked from 'package:stats':
    
     filter, lag
    
    The following objects are masked from 'package:base':
    
     intersect, setdiff, setequal, union
    
    
    Attaching package: 'redist'
    
    The following object is masked from 'package:stats':
    
     filter
    
    trying URL 'https://github.com/alarm-redist/redist-data/raw/main/data/king_county.rds'
    Content type 'application/octet-stream' length 200100 bytes (195 KB)
    ==================================================
    downloaded 195 KB
    
    Quitting from lines 74-86 (map-preproc.Rmd)
    Error: processing vignette 'map-preproc.Rmd' failed with diagnostics:
    polygon edge not found
    --- failed re-building ‘map-preproc.Rmd’
    
    --- re-building ‘mcmc.Rmd’ using rmarkdown
    Warning in engine$weave(file, quiet = quiet, encoding = enc) :
     Pandoc (>= 1.12.3) not available. Falling back to R Markdown v1.
    
    Attaching package: 'redist'
    
    The following object is masked from 'package:stats':
    
     filter
    
    
    Attaching package: 'dplyr'
    
    The following objects are masked from 'package:stats':
    
     filter, lag
    
    The following objects are masked from 'package:base':
    
     intersect, setdiff, setequal, union
    
    Quitting from lines 57-58 (mcmc.Rmd)
    Error: processing vignette 'mcmc.Rmd' failed with diagnostics:
    polygon edge not found
    --- failed re-building ‘mcmc.Rmd’
    
    --- re-building ‘mpi-slurm.Rmd’ using rmarkdown
    Warning in engine$weave(file, quiet = quiet, encoding = enc) :
     Pandoc (>= 1.12.3) not available. Falling back to R Markdown v1.
    --- finished re-building ‘mpi-slurm.Rmd’
    
    --- re-building ‘redist.Rmd’ using rmarkdown
    Warning in engine$weave(file, quiet = quiet, encoding = enc) :
     Pandoc (>= 1.12.3) not available. Falling back to R Markdown v1.
    
    Attaching package: 'redist'
    
    The following object is masked from 'package:stats':
    
     filter
    
    
    Attaching package: 'dplyr'
    
    The following objects are masked from 'package:stats':
    
     filter, lag
    
    The following objects are masked from 'package:base':
    
     intersect, setdiff, setequal, union
    
    Quitting from lines 206-207 (redist.Rmd)
    Error: processing vignette 'redist.Rmd' failed with diagnostics:
    polygon edge not found
    --- failed re-building ‘redist.Rmd’
    
    SUMMARY: processing the following files failed:
     ‘glossary.Rmd’ ‘map-preproc.Rmd’ ‘mcmc.Rmd’ ‘redist.Rmd’
    
    Error: Vignette re-building failed.
    Execution halted
Flavor: r-release-macos-arm64