CRAN Package Check Results for Package recurse

Last updated on 2021-09-19 16:49:20 CEST.

Flavor Version Tinstall Tcheck Ttotal Status Flags
r-devel-linux-x86_64-debian-clang 1.1.2 26.31 60.51 86.82 OK
r-devel-linux-x86_64-debian-gcc 1.1.2 15.63 46.86 62.49 OK
r-devel-linux-x86_64-fedora-clang 1.1.2 115.30 OK
r-devel-linux-x86_64-fedora-gcc 1.1.2 102.83 OK
r-devel-windows-x86_64 1.1.2 24.00 106.00 130.00 OK
r-devel-windows-x86_64-gcc10-UCRT 1.1.2 ERROR
r-patched-linux-x86_64 1.1.2 21.66 57.55 79.21 OK
r-patched-solaris-x86 1.1.2 133.40 OK
r-release-linux-x86_64 1.1.2 18.70 58.51 77.21 OK
r-release-macos-arm64 1.1.2 OK
r-release-macos-x86_64 1.1.2 OK
r-release-windows-ix86+x86_64 1.1.2 55.00 87.00 142.00 OK
r-oldrel-macos-x86_64 1.1.2 OK
r-oldrel-windows-ix86+x86_64 1.1.2 55.00 93.00 148.00 OK

Check Details

Version: 1.1.2
Check: whether package can be installed
Result: ERROR
    Installation failed.
Flavor: r-devel-windows-x86_64-gcc10-UCRT