CRAN Package Check Results for Package recoder

Last updated on 2021-07-26 19:49:34 CEST.

Flavor Version Tinstall Tcheck Ttotal Status Flags
r-devel-linux-x86_64-debian-clang 0.1 1.87 21.23 23.10 OK
r-devel-linux-x86_64-debian-gcc 0.1 1.50 17.22 18.72 OK
r-devel-linux-x86_64-fedora-clang 0.1 40.23 NOTE
r-devel-linux-x86_64-fedora-gcc 0.1 28.60 OK
r-devel-windows-x86_64 0.1 3.00 30.00 33.00 OK
r-devel-windows-x86_64-gcc10-UCRT 0.1 OK
r-patched-linux-x86_64 0.1 2.01 20.94 22.95 OK
r-patched-solaris-x86 0.1 44.50 OK
r-release-linux-x86_64 0.1 1.98 20.81 22.79 OK
r-release-macos-arm64 0.1 OK
r-release-macos-x86_64 0.1 OK
r-release-windows-ix86+x86_64 0.1 5.00 28.00 33.00 OK
r-oldrel-macos-x86_64 0.1 OK
r-oldrel-windows-ix86+x86_64 0.1 4.00 38.00 42.00 OK

Check Details

Version: 0.1
Check: Rd cross-references
Result: NOTE
    Undeclared package ‘car’ in Rd xrefs
Flavor: r-devel-linux-x86_64-fedora-clang