CRAN Package Check Results for Package recmap

Last updated on 2021-10-22 16:50:48 CEST.

Flavor Version Tinstall Tcheck Ttotal Status Flags
r-devel-linux-x86_64-debian-clang 1.0.11 23.26 175.67 198.93 OK
r-devel-linux-x86_64-debian-gcc 1.0.11 17.78 123.43 141.21 OK
r-devel-linux-x86_64-fedora-clang 1.0.11 246.04 NOTE
r-devel-linux-x86_64-fedora-gcc 1.0.11 220.97 NOTE
r-devel-windows-x86_64 1.0.11 34.00 180.00 214.00 OK
r-devel-windows-x86_64-gcc10-UCRT 1.0.11 NOTE
r-patched-linux-x86_64 1.0.11 24.56 158.73 183.29 OK
r-patched-solaris-x86 1.0.11 186.20 NOTE
r-release-linux-x86_64 1.0.11 21.73 158.87 180.60 OK
r-release-macos-arm64 1.0.11 NOTE
r-release-macos-x86_64 1.0.11 NOTE
r-release-windows-ix86+x86_64 1.0.11 43.00 222.00 265.00 OK
r-oldrel-macos-x86_64 1.0.11 NOTE
r-oldrel-windows-ix86+x86_64 1.0.11 63.00 258.00 321.00 OK

Check Details

Version: 1.0.11
Check: data for non-ASCII characters
Result: NOTE
     Note: found 1036 marked UTF-8 strings
Flavors: r-devel-linux-x86_64-fedora-clang, r-devel-linux-x86_64-fedora-gcc, r-devel-windows-x86_64-gcc10-UCRT, r-patched-solaris-x86, r-release-macos-arm64, r-release-macos-x86_64, r-oldrel-macos-x86_64